{"id":553,"date":"2025-07-23T20:19:47","date_gmt":"2025-07-23T19:19:47","guid":{"rendered":"https:\/\/www.meeting-ba705-sorigny.fr\/?page_id=553"},"modified":"2025-09-26T14:18:45","modified_gmt":"2025-09-26T13:18:45","slug":"bienvenue-sur-le-site-du-meeting-aerien-a-sorigny","status":"publish","type":"page","link":"https:\/\/www.meeting-ba705-sorigny.fr\/","title":{"rendered":"Bienvenue sur le site du Meeting a\u00e9rien \u00e0 Sorigny"},"content":{"rendered":"\t\t<div data-elementor-type=\"wp-page\" data-elementor-id=\"553\" class=\"elementor elementor-553\" data-elementor-post-type=\"page\">\n\t\t\t\t<div class=\"elementor-element elementor-element-60fdec88 e-flex e-con-boxed e-con e-parent\" data-id=\"60fdec88\" data-element_type=\"container\">\n\t\t\t\t\t<div class=\"e-con-inner\">\n\t\t<div class=\"elementor-element elementor-element-d88543e animated-fast e-con-full e-flex elementor-invisible e-con e-child\" data-id=\"d88543e\" data-element_type=\"container\" data-settings=\"{&quot;animation&quot;:&quot;slideInUp&quot;}\">\n\t\t\t\t<\/div>\n\t\t\t\t<div class=\"elementor-element elementor-element-55e7d65 animated-fast elementor-invisible elementor-widget elementor-widget-image\" data-id=\"55e7d65\" data-element_type=\"widget\" data-settings=\"{&quot;_animation&quot;:&quot;zoomIn&quot;}\" data-widget_type=\"image.default\">\n\t\t\t\t\t\t\t\t\t\t\t\t<figure class=\"wp-caption\">\n\t\t\t\t\t\t\t\t\t\t<img fetchpriority=\"high\" decoding=\"async\" width=\"2560\" height=\"1810\" src=\"https:\/\/www.meeting-ba705-sorigny.fr\/wp-content\/uploads\/2025\/07\/AFFICHE-A3_MEETING_PAYSAGE-scaled.jpg\" class=\"attachment-full size-full wp-image-1249\" alt=\"La Ville de Sorigny et la Base a\u00e9rienne 705 pr\u00e9sentent un meeting a\u00e9rien \u00e0 l&#039;a\u00e9rodrome de Tours-Sorigny le dimanche 7 septembre 2025 de 9h \u00e0 19h, affiche sur un poster bleu.\" srcset=\"https:\/\/www.meeting-ba705-sorigny.fr\/wp-content\/uploads\/2025\/07\/AFFICHE-A3_MEETING_PAYSAGE-scaled.jpg 2560w, https:\/\/www.meeting-ba705-sorigny.fr\/wp-content\/uploads\/2025\/07\/AFFICHE-A3_MEETING_PAYSAGE-300x212.jpg 300w, https:\/\/www.meeting-ba705-sorigny.fr\/wp-content\/uploads\/2025\/07\/AFFICHE-A3_MEETING_PAYSAGE-1024x724.jpg 1024w, https:\/\/www.meeting-ba705-sorigny.fr\/wp-content\/uploads\/2025\/07\/AFFICHE-A3_MEETING_PAYSAGE-768x543.jpg 768w, https:\/\/www.meeting-ba705-sorigny.fr\/wp-content\/uploads\/2025\/07\/AFFICHE-A3_MEETING_PAYSAGE-1536x1086.jpg 1536w, https:\/\/www.meeting-ba705-sorigny.fr\/wp-content\/uploads\/2025\/07\/AFFICHE-A3_MEETING_PAYSAGE-2048x1448.jpg 2048w\" sizes=\"(max-width: 2560px) 100vw, 2560px\" \/>\t\t\t\t\t\t\t\t\t\t\t<figcaption class=\"widget-image-caption wp-caption-text\"><\/figcaption>\n\t\t\t\t\t\t\t\t\t\t<\/figure>\n\t\t\t\t\t\t\t\t\t<\/div>\n\t\t\t\t\t<\/div>\n\t\t\t\t<\/div>\n\t\t<div class=\"elementor-element elementor-element-4ad8001 e-flex e-con-boxed e-con e-parent\" data-id=\"4ad8001\" data-element_type=\"container\">\n\t\t\t\t\t<div class=\"e-con-inner\">\n\t\t\t\t<div class=\"elementor-element elementor-element-3c34f8c elementor-widget elementor-widget-menu-anchor\" data-id=\"3c34f8c\" data-element_type=\"widget\" data-widget_type=\"menu-anchor.default\">\n\t\t\t\t\t\t\t<div class=\"elementor-menu-anchor\" id=\"mot-maire\"><\/div>\n\t\t\t\t\t\t<\/div>\n\t\t\t\t<div class=\"elementor-element elementor-element-aa22aff elementor-widget-divider--separator-type-pattern elementor-widget-divider--view-line elementor-widget elementor-widget-divider\" data-id=\"aa22aff\" data-element_type=\"widget\" data-widget_type=\"divider.default\">\n\t\t\t\t\t\t\t<div class=\"elementor-divider\" style=\"--divider-pattern-url: url(&quot;data:image\/svg+xml,%3Csvg xmlns=&#039;http:\/\/www.w3.org\/2000\/svg&#039; preserveAspectRatio=&#039;none&#039; overflow=&#039;visible&#039; height=&#039;100%&#039; viewBox=&#039;0 0 24 24&#039; fill=&#039;black&#039; stroke=&#039;none&#039;%3E%3Cpolygon points=&#039;9.4,2 24,2 14.6,21.6 0,21.6&#039;\/%3E%3C\/svg%3E&quot;);\">\n\t\t\t<span class=\"elementor-divider-separator\">\n\t\t\t\t\t\t<\/span>\n\t\t<\/div>\n\t\t\t\t\t\t<\/div>\n\t\t\t\t\t<\/div>\n\t\t\t\t<\/div>\n\t\t<div class=\"elementor-element elementor-element-2a7ea8a e-flex e-con-boxed elementor-invisible e-con e-parent\" data-id=\"2a7ea8a\" data-element_type=\"container\" data-settings=\"{&quot;animation&quot;:&quot;slideInUp&quot;}\">\n\t\t\t\t\t<div class=\"e-con-inner\">\n\t\t\t\t<div class=\"elementor-element elementor-element-2b91351 elementor-widget elementor-widget-heading\" data-id=\"2b91351\" data-element_type=\"widget\" data-widget_type=\"heading.default\">\n\t\t\t\t\t<h2 class=\"elementor-heading-title elementor-size-default\">Le mot de Monsieur le Maire de Sorigny<\/h2>\t\t\t\t<\/div>\n\t\t\t\t\t<\/div>\n\t\t\t\t<\/div>\n\t\t<div class=\"elementor-element elementor-element-7429b95 e-flex e-con-boxed e-con e-parent\" data-id=\"7429b95\" data-element_type=\"container\">\n\t\t\t\t\t<div class=\"e-con-inner\">\n\t\t<div class=\"elementor-element elementor-element-7f2da4d e-con-full e-flex e-con e-child\" data-id=\"7f2da4d\" data-element_type=\"container\">\n\t\t\t\t<div class=\"elementor-element elementor-element-54566a2 animated-slow elementor-invisible elementor-widget elementor-widget-image\" data-id=\"54566a2\" data-element_type=\"widget\" data-settings=\"{&quot;_animation&quot;:&quot;slideInUp&quot;}\" data-widget_type=\"image.default\">\n\t\t\t\t\t\t\t\t\t\t\t\t<figure class=\"wp-caption\">\n\t\t\t\t\t\t\t\t\t\t\t<a href=\"https:\/\/www.sorigny.fr\/\">\n\t\t\t\t\t\t\t<img decoding=\"async\" width=\"607\" height=\"815\" src=\"https:\/\/www.meeting-ba705-sorigny.fr\/wp-content\/uploads\/2025\/07\/maire-sorigny.jpg\" class=\"attachment-full size-full wp-image-511\" alt=\"Photo de M. Alain Esnault, Maire de Sorigny\" srcset=\"https:\/\/www.meeting-ba705-sorigny.fr\/wp-content\/uploads\/2025\/07\/maire-sorigny.jpg 607w, https:\/\/www.meeting-ba705-sorigny.fr\/wp-content\/uploads\/2025\/07\/maire-sorigny-223x300.jpg 223w\" sizes=\"(max-width: 607px) 100vw, 607px\" \/>\t\t\t\t\t\t\t\t<\/a>\n\t\t\t\t\t\t\t\t\t\t\t<figcaption class=\"widget-image-caption wp-caption-text\">Alain Esnault, M. le Maire de Sorigny<\/figcaption>\n\t\t\t\t\t\t\t\t\t\t<\/figure>\n\t\t\t\t\t\t\t\t\t<\/div>\n\t\t\t\t<\/div>\n\t\t<div class=\"elementor-element elementor-element-5e72c6b e-con-full e-flex e-con e-child\" data-id=\"5e72c6b\" data-element_type=\"container\">\n\t\t\t\t<div class=\"elementor-element elementor-element-0b10b13 animated-fast elementor-invisible elementor-widget elementor-widget-text-editor\" data-id=\"0b10b13\" data-element_type=\"widget\" data-settings=\"{&quot;_animation&quot;:&quot;slideInUp&quot;}\" data-widget_type=\"text-editor.default\">\n\t\t\t\t\t\t\t\t\t<p>Cette ann\u00e9e se tiendra la 3\u00e8me \u00e9dition du Festival \u00c0 Ciel Ouvert.<br \/>Rendez-vous incontournable de la rentr\u00e9e, qui vise \u00e0 promouvoir l&rsquo;a\u00e9ronautique et \u00e0 offrir au public une exp\u00e9rience inoubliable, cet \u00e9v\u00e9nement r\u00e9unit des amateurs, des passionn\u00e9s et des professionnels de l\u2019aviation \u00e0 l\u2019a\u00e9rodrome. Apr\u00e8s deux \u00e9ditions exceptionnelles, tant du point de vue des animations que de la fr\u00e9quentation, nous avons choisi cette ann\u00e9e de donner au festival une nouvelle envergure, en proposant une programmation sur deux jours.<\/p><p>Le samedi 6 septembre, Sorigny aura l\u2019honneur d\u2019accueillir pour la seconde ann\u00e9e cons\u00e9cutive le Tour Vibration, le plus grand festival de musique gratuit en Centre-Val-de-Loire et Pays de la Loire. Ce moment festif, ouvert \u00e0 tous, promet de r\u00e9unir des milliers de spectateurs autour d\u2019un concert gratuit, \u00e0 l\u2019a\u00e9rodrome.<\/p><p>Le dimanche 7 septembre, place \u00e0 l\u2019\u00e9merveillement !<br \/>Cette ann\u00e9e, la ville de Sorigny renforce son partenariat avec l\u2019arm\u00e9e de l\u2019Air et de l\u2019Espace et en particulier la base a\u00e9rienne 705 de Tours et Cinq-Mars-la-Pile, en organisant un grand meeting a\u00e9rien. Le temps d\u2019une journ\u00e9e, le ciel de l\u2019a\u00e9rodrome deviendra le th\u00e9\u00e2tre d\u2019un spectacle grandiose, unique en Touraine, o\u00f9 aviation civile et militaire uniront leurs talents pour un meeting a\u00e9rien inoubliable. Au programme : d\u00e9monstrations a\u00e9riennes, expositions au sol et rencontres avec les \u00e9quipages. Une journ\u00e9e riche en \u00e9motions et en d\u00e9couvertes pour petits et grands.<\/p><p>Sur terre comme dans les airs, Sorigny s\u2019appr\u00eate \u00e0 vibrer au rythme de la musique, des moteurs et des acrobaties !<\/p>\t\t\t\t\t\t\t\t<\/div>\n\t\t\t\t<\/div>\n\t\t\t\t\t<\/div>\n\t\t\t\t<\/div>\n\t\t<div class=\"elementor-element elementor-element-92540d1 e-flex e-con-boxed e-con e-parent\" data-id=\"92540d1\" data-element_type=\"container\">\n\t\t\t\t\t<div class=\"e-con-inner\">\n\t\t\t\t<div class=\"elementor-element elementor-element-52dbe6a elementor-widget elementor-widget-menu-anchor\" data-id=\"52dbe6a\" data-element_type=\"widget\" data-widget_type=\"menu-anchor.default\">\n\t\t\t\t\t\t\t<div class=\"elementor-menu-anchor\" id=\"mot-commandant-base\"><\/div>\n\t\t\t\t\t\t<\/div>\n\t\t\t\t<div class=\"elementor-element elementor-element-9360f26 elementor-widget-divider--separator-type-pattern elementor-widget-divider--view-line elementor-widget elementor-widget-divider\" data-id=\"9360f26\" data-element_type=\"widget\" data-widget_type=\"divider.default\">\n\t\t\t\t\t\t\t<div class=\"elementor-divider\" style=\"--divider-pattern-url: url(&quot;data:image\/svg+xml,%3Csvg xmlns=&#039;http:\/\/www.w3.org\/2000\/svg&#039; preserveAspectRatio=&#039;none&#039; overflow=&#039;visible&#039; height=&#039;100%&#039; viewBox=&#039;0 0 24 24&#039; fill=&#039;black&#039; stroke=&#039;none&#039;%3E%3Cpolygon points=&#039;9.4,2 24,2 14.6,21.6 0,21.6&#039;\/%3E%3C\/svg%3E&quot;);\">\n\t\t\t<span class=\"elementor-divider-separator\">\n\t\t\t\t\t\t<\/span>\n\t\t<\/div>\n\t\t\t\t\t\t<\/div>\n\t\t\t\t\t<\/div>\n\t\t\t\t<\/div>\n\t\t<div class=\"elementor-element elementor-element-c249984 e-flex e-con-boxed e-con e-parent\" data-id=\"c249984\" data-element_type=\"container\">\n\t\t\t\t\t<div class=\"e-con-inner\">\n\t\t\t\t<div class=\"elementor-element elementor-element-1395dd9 elementor-widget elementor-widget-heading\" data-id=\"1395dd9\" data-element_type=\"widget\" data-widget_type=\"heading.default\">\n\t\t\t\t\t<h2 class=\"elementor-heading-title elementor-size-default\">Le mot du Commandant de la base a\u00e9rienne 705<\/h2>\t\t\t\t<\/div>\n\t\t\t\t\t<\/div>\n\t\t\t\t<\/div>\n\t\t<div class=\"elementor-element elementor-element-99f8e00 e-flex e-con-boxed e-con e-parent\" data-id=\"99f8e00\" data-element_type=\"container\">\n\t\t\t\t\t<div class=\"e-con-inner\">\n\t\t<div class=\"elementor-element elementor-element-08e7782 e-con-full e-flex e-con e-child\" data-id=\"08e7782\" data-element_type=\"container\">\n\t\t\t\t<div class=\"elementor-element elementor-element-139b378 animated-slow elementor-widget__width-auto elementor-invisible elementor-widget elementor-widget-image\" data-id=\"139b378\" data-element_type=\"widget\" data-settings=\"{&quot;_animation&quot;:&quot;slideInUp&quot;}\" data-widget_type=\"image.default\">\n\t\t\t\t\t\t\t\t\t\t\t\t<figure class=\"wp-caption\">\n\t\t\t\t\t\t\t\t\t\t\t<a href=\"https:\/\/www.facebook.com\/BA705tours\/\">\n\t\t\t\t\t\t\t<img decoding=\"async\" width=\"429\" height=\"643\" src=\"https:\/\/www.meeting-ba705-sorigny.fr\/wp-content\/uploads\/2025\/07\/C1.jpg\" class=\"attachment-full size-full wp-image-462\" alt=\"Photo du Colonel Guillaume Lagarde, Commandant de la base a\u00e9rienne 705 de Tours et Cinq-Mars-la-Pile\" srcset=\"https:\/\/www.meeting-ba705-sorigny.fr\/wp-content\/uploads\/2025\/07\/C1.jpg 429w, https:\/\/www.meeting-ba705-sorigny.fr\/wp-content\/uploads\/2025\/07\/C1-200x300.jpg 200w\" sizes=\"(max-width: 429px) 100vw, 429px\" \/>\t\t\t\t\t\t\t\t<\/a>\n\t\t\t\t\t\t\t\t\t\t\t<figcaption class=\"widget-image-caption wp-caption-text\">Colonel Guillaume Lagarde, Commandant de la BA 705 de Tours et Cinq-Mars-la-Pile<\/figcaption>\n\t\t\t\t\t\t\t\t\t\t<\/figure>\n\t\t\t\t\t\t\t\t\t<\/div>\n\t\t\t\t<\/div>\n\t\t<div class=\"elementor-element elementor-element-d70b16c e-con-full e-flex e-con e-child\" data-id=\"d70b16c\" data-element_type=\"container\">\n\t\t\t\t<div class=\"elementor-element elementor-element-17500e5 elementor-invisible elementor-widget elementor-widget-text-editor\" data-id=\"17500e5\" data-element_type=\"widget\" data-settings=\"{&quot;_animation&quot;:&quot;slideInUp&quot;}\" data-widget_type=\"text-editor.default\">\n\t\t\t\t\t\t\t\t\t<p>La base a\u00e9rienne 705 \u201cCommandants Fran\u00e7ois et Jean Tulasne\u201d de Tours et Cinq-Mars-la-Pile est honor\u00e9e de pr\u00e9senter, en partenariat \u00e9troit avec la ville de Sorigny, le meeting 2025. Cette manifestation unique se d\u00e9roulera le 7 septembre 2025, \u00e0 l\u2019occasion de la troisi\u00e8me \u00e9dition du Festival \u00e0 ciel ouvert, qui commencera d\u00e8s la veille par un grand concert gratuit.<\/p><p>Op\u00e9rationnelle \u00e0 toute heure du jour et de la nuit, op\u00e9r\u00e9e par des aviateurs engag\u00e9s, la base a\u00e9rienne 705 est \u00e0 raison connue pour \u00eatre un site d\u2019int\u00e9r\u00eat en mati\u00e8re de gestion des ressources humaines et de formation. Base historique de l\u2019\u00e9cole de l\u2019aviation de chasse pendant pr\u00e8s de 60 ans \u2013 elle vient d\u2019en inaugurer son mus\u00e9e \u2013 on la conna\u00eet moins souvent pour le r\u00f4le important qu\u2019elle joue en mati\u00e8re de contr\u00f4le a\u00e9rien, en particulier pour la posture permanente de s\u00fbret\u00e9 a\u00e9rienne, c\u2019est-\u00e0-dire 24h\/24 et 7j\/7, la \u00ab police du ciel \u00bb de France.<\/p><p>Au travers de la repr\u00e9sentation de certains de nos a\u00e9ronefs en vol et des moyens d\u00e9ploy\u00e9s au sol, il importe aussi de faire rayonner le savoir-faire et le savoir-\u00eatre de nos militaires. Il s\u2019agit d\u2019une occasion unique de rencontrer nos aviateurs, de rassembler leurs familles ainsi que de nombreux civils et de faire (re)d\u00e9couvrir au territoire, 10 ans apr\u00e8s le meeting du centenaire, le monde de l\u2019a\u00e9ronautique militaire pour d\u00e9clencher, j\u2019en suis s\u00fbr, des vocations.<\/p><p>Cette opportunit\u00e9, nous souhaitons la partager avec vous, cher public, afin qu\u2019au travers des nombreux tableaux, expositions et stands, vous puissiez d\u00e9couvrir la richesse de l\u2019arm\u00e9e de l\u2019Air et de l\u2019Espace et l\u2019engagement de ses aviateurs.<\/p>\t\t\t\t\t\t\t\t<\/div>\n\t\t\t\t<\/div>\n\t\t\t\t\t<\/div>\n\t\t\t\t<\/div>\n\t\t\t\t<\/div>\n\t\t","protected":false},"excerpt":{"rendered":"<p>Le mot de Monsieur le Maire de Sorigny Alain Esnault, M. le Maire de Sorigny Cette ann\u00e9e se tiendra la 3\u00e8me \u00e9dition du Festival \u00c0 Ciel Ouvert.Rendez-vous incontournable de la rentr\u00e9e, qui vise \u00e0 promouvoir l&rsquo;a\u00e9ronautique et \u00e0 offrir au public une exp\u00e9rience inoubliable, cet \u00e9v\u00e9nement r\u00e9unit des amateurs, des passionn\u00e9s et des professionnels de&#8230;<\/p>\n","protected":false},"author":2,"featured_media":0,"parent":0,"menu_order":0,"comment_status":"closed","ping_status":"closed","template":"","meta":{"_kad_post_transparent":"","_kad_post_title":"","_kad_post_layout":"","_kad_post_sidebar_id":"","_kad_post_content_style":"","_kad_post_vertical_padding":"","_kad_post_feature":"","_kad_post_feature_position":"","_kad_post_header":false,"_kad_post_footer":false,"footnotes":""},"class_list":["post-553","page","type-page","status-publish","hentry"],"yoast_head":"<!-- This site is optimized with the Yoast SEO plugin v25.5 - https:\/\/yoast.com\/wordpress\/plugins\/seo\/ -->\n<title>Bienvenue sur le site du Meeting a\u00e9rien \u00e0 Sorigny - Meeting a\u00e9rien de Sorigny - BA 705<\/title>\n<meta name=\"description\" content=\"Venez d\u00e9couvrir le Meeting a\u00e9rien \u00e0 Sorigny pr\u00e8s de Tours, avec la base a\u00e9rienne 705 de Tours et Cinq-Mars-La-Pile.\" \/>\n<meta name=\"robots\" content=\"index, follow, max-snippet:-1, max-image-preview:large, max-video-preview:-1\" \/>\n<link rel=\"canonical\" href=\"https:\/\/www.meeting-ba705-sorigny.fr\/\" \/>\n<meta property=\"og:locale\" content=\"fr_FR\" \/>\n<meta property=\"og:type\" content=\"article\" \/>\n<meta property=\"og:title\" content=\"Bienvenue sur le site du Meeting a\u00e9rien \u00e0 Sorigny - Meeting a\u00e9rien de Sorigny - BA 705\" \/>\n<meta property=\"og:description\" content=\"Venez d\u00e9couvrir le Meeting a\u00e9rien \u00e0 Sorigny pr\u00e8s de Tours, avec la base a\u00e9rienne 705 de Tours et Cinq-Mars-La-Pile.\" \/>\n<meta property=\"og:url\" content=\"https:\/\/www.meeting-ba705-sorigny.fr\/\" \/>\n<meta property=\"og:site_name\" content=\"Meeting a\u00e9rien de Sorigny - BA 705\" \/>\n<meta property=\"article:publisher\" content=\"https:\/\/www.facebook.com\/armeedelair\/\" \/>\n<meta property=\"article:modified_time\" content=\"2025-09-26T13:18:45+00:00\" \/>\n<meta property=\"og:image\" content=\"http:\/\/www.meeting-ba705-sorigny.fr\/wp-content\/uploads\/2025\/07\/AFFICHE-A3_MEETING_PAYSAGE-scaled.jpg\" \/>\n<meta name=\"twitter:card\" content=\"summary_large_image\" \/>\n<meta name=\"twitter:site\" content=\"@Armee_de_lair\" \/>\n<meta name=\"twitter:label1\" content=\"Dur\u00e9e de lecture estim\u00e9e\" \/>\n\t<meta name=\"twitter:data1\" content=\"4 minutes\" \/>\n<script type=\"application\/ld+json\" class=\"yoast-schema-graph\">{\"@context\":\"https:\/\/schema.org\",\"@graph\":[{\"@type\":\"WebPage\",\"@id\":\"https:\/\/www.meeting-ba705-sorigny.fr\/\",\"url\":\"https:\/\/www.meeting-ba705-sorigny.fr\/\",\"name\":\"Bienvenue sur le site du Meeting a\u00e9rien \u00e0 Sorigny - Meeting a\u00e9rien de Sorigny - BA 705\",\"isPartOf\":{\"@id\":\"https:\/\/www.meeting-ba705-sorigny.fr\/#website\"},\"primaryImageOfPage\":{\"@id\":\"https:\/\/www.meeting-ba705-sorigny.fr\/#primaryimage\"},\"image\":{\"@id\":\"https:\/\/www.meeting-ba705-sorigny.fr\/#primaryimage\"},\"thumbnailUrl\":\"http:\/\/www.meeting-ba705-sorigny.fr\/wp-content\/uploads\/2025\/07\/AFFICHE-A3_MEETING_PAYSAGE-scaled.jpg\",\"datePublished\":\"2025-07-23T19:19:47+00:00\",\"dateModified\":\"2025-09-26T13:18:45+00:00\",\"description\":\"Venez d\u00e9couvrir le Meeting a\u00e9rien \u00e0 Sorigny pr\u00e8s de Tours, avec la base a\u00e9rienne 705 de Tours et Cinq-Mars-La-Pile.\",\"breadcrumb\":{\"@id\":\"https:\/\/www.meeting-ba705-sorigny.fr\/#breadcrumb\"},\"inLanguage\":\"fr-FR\",\"potentialAction\":[{\"@type\":\"ReadAction\",\"target\":[\"https:\/\/www.meeting-ba705-sorigny.fr\/\"]}]},{\"@type\":\"ImageObject\",\"inLanguage\":\"fr-FR\",\"@id\":\"https:\/\/www.meeting-ba705-sorigny.fr\/#primaryimage\",\"url\":\"https:\/\/www.meeting-ba705-sorigny.fr\/wp-content\/uploads\/2025\/07\/AFFICHE-A3_MEETING_PAYSAGE-scaled.jpg\",\"contentUrl\":\"https:\/\/www.meeting-ba705-sorigny.fr\/wp-content\/uploads\/2025\/07\/AFFICHE-A3_MEETING_PAYSAGE-scaled.jpg\",\"width\":2560,\"height\":1810,\"caption\":\"La Ville de Sorigny et la Base a\u00e9rienne 705 pr\u00e9sentent un meeting a\u00e9rien \u00e0 l'a\u00e9rodrome de Tours-Sorigny le dimanche 7 septembre 2025 de 9h \u00e0 19h, affiche sur un poster bleu.\"},{\"@type\":\"BreadcrumbList\",\"@id\":\"https:\/\/www.meeting-ba705-sorigny.fr\/#breadcrumb\",\"itemListElement\":[{\"@type\":\"ListItem\",\"position\":1,\"name\":\"Accueil\",\"item\":\"https:\/\/www.meeting-ba705-sorigny.fr\/\"},{\"@type\":\"ListItem\",\"position\":2,\"name\":\"Bienvenue sur le site du Meeting a\u00e9rien \u00e0 Sorigny\"}]},{\"@type\":\"WebSite\",\"@id\":\"https:\/\/www.meeting-ba705-sorigny.fr\/#website\",\"url\":\"https:\/\/www.meeting-ba705-sorigny.fr\/\",\"name\":\"Meeting a\u00e9rien de Sorigny\",\"description\":\"\",\"publisher\":{\"@id\":\"https:\/\/www.meeting-ba705-sorigny.fr\/#organization\"},\"alternateName\":\"Meeting Tours\",\"potentialAction\":[{\"@type\":\"SearchAction\",\"target\":{\"@type\":\"EntryPoint\",\"urlTemplate\":\"https:\/\/www.meeting-ba705-sorigny.fr\/?s={search_term_string}\"},\"query-input\":{\"@type\":\"PropertyValueSpecification\",\"valueRequired\":true,\"valueName\":\"search_term_string\"}}],\"inLanguage\":\"fr-FR\"},{\"@type\":\"Organization\",\"@id\":\"https:\/\/www.meeting-ba705-sorigny.fr\/#organization\",\"name\":\"Arm\u00e9e de l'Air et de l'Espace\",\"alternateName\":\"AAE\",\"url\":\"https:\/\/www.meeting-ba705-sorigny.fr\/\",\"logo\":{\"@type\":\"ImageObject\",\"inLanguage\":\"fr-FR\",\"@id\":\"https:\/\/www.meeting-ba705-sorigny.fr\/#\/schema\/logo\/image\/\",\"url\":\"https:\/\/www.meeting-ba705-sorigny.fr\/wp-content\/uploads\/2025\/07\/cropped-Logo_AAE_2025-fc_cmjn_f_texte-1.png\",\"contentUrl\":\"https:\/\/www.meeting-ba705-sorigny.fr\/wp-content\/uploads\/2025\/07\/cropped-Logo_AAE_2025-fc_cmjn_f_texte-1.png\",\"width\":735,\"height\":520,\"caption\":\"Arm\u00e9e de l'Air et de l'Espace\"},\"image\":{\"@id\":\"https:\/\/www.meeting-ba705-sorigny.fr\/#\/schema\/logo\/image\/\"},\"sameAs\":[\"https:\/\/www.facebook.com\/armeedelair\/\",\"https:\/\/x.com\/Armee_de_lair\",\"https:\/\/www.instagram.com\/armeedelair\/\",\"https:\/\/www.youtube.com\/channel\/UC9tdrNLs9QpsFZI050UARkQ\",\"https:\/\/fr.linkedin.com\/company\/armee-de-lair-et-de-lespace\"]}]}<\/script>\n<!-- \/ Yoast SEO plugin. -->","yoast_head_json":{"title":"Bienvenue sur le site du Meeting a\u00e9rien \u00e0 Sorigny - Meeting a\u00e9rien de Sorigny - BA 705","description":"Venez d\u00e9couvrir le Meeting a\u00e9rien \u00e0 Sorigny pr\u00e8s de Tours, avec la base a\u00e9rienne 705 de Tours et Cinq-Mars-La-Pile.","robots":{"index":"index","follow":"follow","max-snippet":"max-snippet:-1","max-image-preview":"max-image-preview:large","max-video-preview":"max-video-preview:-1"},"canonical":"https:\/\/www.meeting-ba705-sorigny.fr\/","og_locale":"fr_FR","og_type":"article","og_title":"Bienvenue sur le site du Meeting a\u00e9rien \u00e0 Sorigny - Meeting a\u00e9rien de Sorigny - BA 705","og_description":"Venez d\u00e9couvrir le Meeting a\u00e9rien \u00e0 Sorigny pr\u00e8s de Tours, avec la base a\u00e9rienne 705 de Tours et Cinq-Mars-La-Pile.","og_url":"https:\/\/www.meeting-ba705-sorigny.fr\/","og_site_name":"Meeting a\u00e9rien de Sorigny - BA 705","article_publisher":"https:\/\/www.facebook.com\/armeedelair\/","article_modified_time":"2025-09-26T13:18:45+00:00","og_image":[{"url":"http:\/\/www.meeting-ba705-sorigny.fr\/wp-content\/uploads\/2025\/07\/AFFICHE-A3_MEETING_PAYSAGE-scaled.jpg","type":"","width":"","height":""}],"twitter_card":"summary_large_image","twitter_site":"@Armee_de_lair","twitter_misc":{"Dur\u00e9e de lecture estim\u00e9e":"4 minutes"},"schema":{"@context":"https:\/\/schema.org","@graph":[{"@type":"WebPage","@id":"https:\/\/www.meeting-ba705-sorigny.fr\/","url":"https:\/\/www.meeting-ba705-sorigny.fr\/","name":"Bienvenue sur le site du Meeting a\u00e9rien \u00e0 Sorigny - Meeting a\u00e9rien de Sorigny - BA 705","isPartOf":{"@id":"https:\/\/www.meeting-ba705-sorigny.fr\/#website"},"primaryImageOfPage":{"@id":"https:\/\/www.meeting-ba705-sorigny.fr\/#primaryimage"},"image":{"@id":"https:\/\/www.meeting-ba705-sorigny.fr\/#primaryimage"},"thumbnailUrl":"http:\/\/www.meeting-ba705-sorigny.fr\/wp-content\/uploads\/2025\/07\/AFFICHE-A3_MEETING_PAYSAGE-scaled.jpg","datePublished":"2025-07-23T19:19:47+00:00","dateModified":"2025-09-26T13:18:45+00:00","description":"Venez d\u00e9couvrir le Meeting a\u00e9rien \u00e0 Sorigny pr\u00e8s de Tours, avec la base a\u00e9rienne 705 de Tours et Cinq-Mars-La-Pile.","breadcrumb":{"@id":"https:\/\/www.meeting-ba705-sorigny.fr\/#breadcrumb"},"inLanguage":"fr-FR","potentialAction":[{"@type":"ReadAction","target":["https:\/\/www.meeting-ba705-sorigny.fr\/"]}]},{"@type":"ImageObject","inLanguage":"fr-FR","@id":"https:\/\/www.meeting-ba705-sorigny.fr\/#primaryimage","url":"https:\/\/www.meeting-ba705-sorigny.fr\/wp-content\/uploads\/2025\/07\/AFFICHE-A3_MEETING_PAYSAGE-scaled.jpg","contentUrl":"https:\/\/www.meeting-ba705-sorigny.fr\/wp-content\/uploads\/2025\/07\/AFFICHE-A3_MEETING_PAYSAGE-scaled.jpg","width":2560,"height":1810,"caption":"La Ville de Sorigny et la Base a\u00e9rienne 705 pr\u00e9sentent un meeting a\u00e9rien \u00e0 l'a\u00e9rodrome de Tours-Sorigny le dimanche 7 septembre 2025 de 9h \u00e0 19h, affiche sur un poster bleu."},{"@type":"BreadcrumbList","@id":"https:\/\/www.meeting-ba705-sorigny.fr\/#breadcrumb","itemListElement":[{"@type":"ListItem","position":1,"name":"Accueil","item":"https:\/\/www.meeting-ba705-sorigny.fr\/"},{"@type":"ListItem","position":2,"name":"Bienvenue sur le site du Meeting a\u00e9rien \u00e0 Sorigny"}]},{"@type":"WebSite","@id":"https:\/\/www.meeting-ba705-sorigny.fr\/#website","url":"https:\/\/www.meeting-ba705-sorigny.fr\/","name":"Meeting a\u00e9rien de Sorigny","description":"","publisher":{"@id":"https:\/\/www.meeting-ba705-sorigny.fr\/#organization"},"alternateName":"Meeting Tours","potentialAction":[{"@type":"SearchAction","target":{"@type":"EntryPoint","urlTemplate":"https:\/\/www.meeting-ba705-sorigny.fr\/?s={search_term_string}"},"query-input":{"@type":"PropertyValueSpecification","valueRequired":true,"valueName":"search_term_string"}}],"inLanguage":"fr-FR"},{"@type":"Organization","@id":"https:\/\/www.meeting-ba705-sorigny.fr\/#organization","name":"Arm\u00e9e de l'Air et de l'Espace","alternateName":"AAE","url":"https:\/\/www.meeting-ba705-sorigny.fr\/","logo":{"@type":"ImageObject","inLanguage":"fr-FR","@id":"https:\/\/www.meeting-ba705-sorigny.fr\/#\/schema\/logo\/image\/","url":"https:\/\/www.meeting-ba705-sorigny.fr\/wp-content\/uploads\/2025\/07\/cropped-Logo_AAE_2025-fc_cmjn_f_texte-1.png","contentUrl":"https:\/\/www.meeting-ba705-sorigny.fr\/wp-content\/uploads\/2025\/07\/cropped-Logo_AAE_2025-fc_cmjn_f_texte-1.png","width":735,"height":520,"caption":"Arm\u00e9e de l'Air et de l'Espace"},"image":{"@id":"https:\/\/www.meeting-ba705-sorigny.fr\/#\/schema\/logo\/image\/"},"sameAs":["https:\/\/www.facebook.com\/armeedelair\/","https:\/\/x.com\/Armee_de_lair","https:\/\/www.instagram.com\/armeedelair\/","https:\/\/www.youtube.com\/channel\/UC9tdrNLs9QpsFZI050UARkQ","https:\/\/fr.linkedin.com\/company\/armee-de-lair-et-de-lespace"]}]}},"_links":{"self":[{"href":"https:\/\/www.meeting-ba705-sorigny.fr\/index.php\/wp-json\/wp\/v2\/pages\/553","targetHints":{"allow":["GET"]}}],"collection":[{"href":"https:\/\/www.meeting-ba705-sorigny.fr\/index.php\/wp-json\/wp\/v2\/pages"}],"about":[{"href":"https:\/\/www.meeting-ba705-sorigny.fr\/index.php\/wp-json\/wp\/v2\/types\/page"}],"author":[{"embeddable":true,"href":"https:\/\/www.meeting-ba705-sorigny.fr\/index.php\/wp-json\/wp\/v2\/users\/2"}],"replies":[{"embeddable":true,"href":"https:\/\/www.meeting-ba705-sorigny.fr\/index.php\/wp-json\/wp\/v2\/comments?post=553"}],"version-history":[{"count":124,"href":"https:\/\/www.meeting-ba705-sorigny.fr\/index.php\/wp-json\/wp\/v2\/pages\/553\/revisions"}],"predecessor-version":[{"id":2428,"href":"https:\/\/www.meeting-ba705-sorigny.fr\/index.php\/wp-json\/wp\/v2\/pages\/553\/revisions\/2428"}],"wp:attachment":[{"href":"https:\/\/www.meeting-ba705-sorigny.fr\/index.php\/wp-json\/wp\/v2\/media?parent=553"}],"curies":[{"name":"wp","href":"https:\/\/api.w.org\/{rel}","templated":true}]}}