{"id":2002,"date":"2025-08-19T20:44:24","date_gmt":"2025-08-19T19:44:24","guid":{"rendered":"https:\/\/www.meeting-ba705-sorigny.fr\/?page_id=2002"},"modified":"2025-09-26T14:20:09","modified_gmt":"2025-09-26T13:20:09","slug":"tombola","status":"publish","type":"page","link":"https:\/\/www.meeting-ba705-sorigny.fr\/index.php\/tombola\/","title":{"rendered":"Tombola"},"content":{"rendered":"\t\t<div data-elementor-type=\"wp-page\" data-elementor-id=\"2002\" class=\"elementor elementor-2002\" data-elementor-post-type=\"page\">\n\t\t\t\t<div class=\"elementor-element elementor-element-9ad2477 e-flex e-con-boxed e-con e-parent\" data-id=\"9ad2477\" data-element_type=\"container\">\n\t\t\t\t\t<div class=\"e-con-inner\">\n\t\t\t\t<div class=\"elementor-element elementor-element-e355d76 elementor-widget elementor-widget-heading\" data-id=\"e355d76\" data-element_type=\"widget\" data-widget_type=\"heading.default\">\n\t\t\t\t\t<h2 class=\"elementor-heading-title elementor-size-default\">Tombola d'une valeur de plus de 8500 euros<\/h2>\t\t\t\t<\/div>\n\t\t\t\t\t<\/div>\n\t\t\t\t<\/div>\n\t\t<div class=\"elementor-element elementor-element-1af3941 e-flex e-con-boxed e-con e-parent\" data-id=\"1af3941\" data-element_type=\"container\">\n\t\t\t\t\t<div class=\"e-con-inner\">\n\t\t\t\t<div class=\"elementor-element elementor-element-ea8cbfe elementor-widget elementor-widget-text-editor\" data-id=\"ea8cbfe\" data-element_type=\"widget\" data-widget_type=\"text-editor.default\">\n\t\t\t\t\t\t\t\t\t<p>Vous aussi, faites partie de ceux qui ach\u00e8teront un des 5000 premiers billets adulte (tarif pr\u00e9vente ou tarif normal) : votre billet vous donne une chance de gagner l\u2019un des 500 lots de la tombola en faveur de l\u2019association du Mus\u00e9e de l\u2019\u00e9cole de d\u2019aviation de chasse et de la R\u00e9sistance en Touraine et des associations et fond d\u2019entraide des ailes fran\u00e7aises et du monde combattant.<\/p><p>La liste des gagnants se trouve sur le lien suivant : <a href=\"http:\/\/www.meeting-ba705-sorigny.fr\/wp-content\/uploads\/2025\/09\/Liste-des-gagnants-tirage-au-sort_Meeting-aerien-BA705-Sorigny.pdf\">ici<\/a><\/p><p>Les gagnants des lots 1 \u00e0 58 sont \u00e9galement joints par mail.<br \/>Les gagnants de lots 59 \u00e0 500 peuvent venir retirer leur lot \u00e0 l\u2019accueil de la base a\u00e9rienne. Il leur sera demand\u00e9 une pi\u00e8ce d\u2019identit\u00e9 pour remise de leur lot.<\/p><p>Pour toute question, merci de lire le r\u00e8glement en bas de page. En cas de besoin, nous joindre \u00e0 l\u2019adresse de contact du site.<\/p>\t\t\t\t\t\t\t\t<\/div>\n\t\t\t\t\t<\/div>\n\t\t\t\t<\/div>\n\t\t<div class=\"elementor-element elementor-element-382ad08 e-flex e-con-boxed e-con e-parent\" data-id=\"382ad08\" data-element_type=\"container\">\n\t\t\t\t\t<div class=\"e-con-inner\">\n\t\t\t\t<div class=\"elementor-element elementor-element-7f1f82f elementor-widget elementor-widget-text-editor\" data-id=\"7f1f82f\" data-element_type=\"widget\" data-widget_type=\"text-editor.default\">\n\t\t\t\t\t\t\t\t\t<table class=\"max800\" style=\"border-collapse: collapse; border: 2px solid;\"><thead><tr><th style=\"border: 3px solid;\">Lot<\/th><th style=\"border: 3px solid;\">D\u00e9signation<\/th><th style=\"border: 3px solid;\">Valeur unitaire<\/th><\/tr><\/thead><tbody style=\"text-align: center;\"><tr><td style=\"border: 1px solid;\">1<\/td><td style=\"border: 1px solid;\">1 Stylo plume Montblanc Tour du monde 80 jours + encre + support d\u00e9co.2<\/td><td style=\"border: 1px solid;\">2 223,60\u20ac<\/td><\/tr><tr><td style=\"border: 1px solid;\">2<\/td><td style=\"border: 1px solid;\">Sony Playstation 5<\/td><td style=\"border: 1px solid;\">549,99\u20ac<\/td><\/tr><tr><td style=\"border: 1px solid;\">3<\/td><td style=\"border: 1px solid;\">Nintendo switch 2<\/td><td style=\"border: 1px solid;\">499,99\u20ac<\/td><\/tr><tr><td style=\"border: 1px solid;\">4<\/td><td style=\"border: 1px solid;\">Tourne disque Thomson<\/td><td style=\"border: 1px solid;\">219,99\u20ac<\/td><\/tr><tr><td style=\"border: 1px solid;\">5<\/td><td style=\"border: 1px solid;\">Bracelet Mauboussin Mec j&rsquo;te kiff marron<\/td><td style=\"border: 1px solid;\">210,00\u20ac<\/td><\/tr><tr><td style=\"border: 1px solid;\">6 \u00e0 7<\/td><td style=\"border: 1px solid;\">2 places VIP match Angers foot<\/td><td style=\"border: 1px solid;\">140,00\u20ac<\/td><\/tr><tr><td style=\"border: 1px solid;\">8<\/td><td style=\"border: 1px solid;\">Sweat cr\u00e8me Redskins taille M<\/td><td style=\"border: 1px solid;\">97,00\u20ac<\/td><\/tr><tr><td style=\"border: 1px solid;\">9<\/td><td style=\"border: 1px solid;\">Sweet capuche Rafale solo dysplay 2024 taille M<\/td><td style=\"border: 1px solid;\">60,00\u20ac<\/td><\/tr><tr><td style=\"border: 1px solid;\">10<\/td><td style=\"border: 1px solid;\">Polo formation \u00e9clatement Patrouille de France Bleu taille L<\/td><td style=\"border: 1px solid;\">50,00\u20ac<\/td><\/tr><tr><td style=\"border: 1px solid;\">11<\/td><td style=\"border: 1px solid;\">Polo noir Rafale solo display taille L<\/td><td style=\"border: 1px solid;\">40,00\u20ac<\/td><\/tr><tr><td style=\"border: 1px solid;\">12<\/td><td style=\"border: 1px solid;\">T-shirt formation vol Patrouille de France blanc taille S<\/td><td style=\"border: 1px solid;\">35,00\u20ac<\/td><\/tr><tr><td style=\"border: 1px solid;\">13<\/td><td style=\"border: 1px solid;\">T-shirt 90 ans blanc taille M<\/td><td style=\"border: 1px solid;\">35,00\u20ac<\/td><\/tr><tr><td style=\"border: 1px solid;\">14<\/td><td style=\"border: 1px solid;\">T-shirt formation vol Patrouille de France blanc taille L<\/td><td style=\"border: 1px solid;\">35,00\u20ac<\/td><\/tr><tr><td style=\"border: 1px solid;\">15<\/td><td style=\"border: 1px solid;\">T-shirt 1934-2024 taille M<\/td><td style=\"border: 1px solid;\">35,00\u20ac<\/td><\/tr><tr><td style=\"border: 1px solid;\">16 \u00e0 20<\/td><td style=\"border: 1px solid;\">Bouteille isotherme Rafale solo display<\/td><td style=\"border: 1px solid;\">25,00\u20ac<\/td><\/tr><tr><td style=\"border: 1px solid;\">21<\/td><td style=\"border: 1px solid;\">Livre BA 188 Djibouti &#8211; Les aviateurs de l&rsquo;extr\u00eame &#8211; \u00c9ditions Petit f\u00fbt\u00e9<\/td><td style=\"border: 1px solid;\">24,90\u20ac<\/td><\/tr><tr><td style=\"border: 1px solid;\">22 \u00e0 23<\/td><td style=\"border: 1px solid;\">Livre Tours M\u00e9moire d&rsquo;une ville &#8211; \u00c9ditions Sutton<\/td><td style=\"border: 1px solid;\">24,00\u20ac<\/td><\/tr><tr><td style=\"border: 1px solid;\">24 \u00e0 25<\/td><td style=\"border: 1px solid;\">Livre Tours Des chemins et des hommes &#8211; \u00c9ditions Sutton<\/td><td style=\"border: 1px solid;\">24,00\u20ac<\/td><\/tr><tr><td style=\"border: 1px solid;\">26<\/td><td style=\"border: 1px solid;\">Casquette trucker Rafale solo display grise<\/td><td style=\"border: 1px solid;\">20,00\u20ac<\/td><\/tr><tr><td style=\"border: 1px solid;\">27<\/td><td style=\"border: 1px solid;\">Casquette trucker Rafale solo display noire<\/td><td style=\"border: 1px solid;\">20,00\u20ac<\/td><\/tr><tr><td style=\"border: 1px solid;\">28 \u00e0 29<\/td><td style=\"border: 1px solid;\">Bonnet Rafale solo display<\/td><td style=\"border: 1px solid;\">20,00\u20ac<\/td><\/tr><tr><td style=\"border: 1px solid;\">30<\/td><td style=\"border: 1px solid;\">T-shirt Rafale solo display taille S<\/td><td style=\"border: 1px solid;\">19,00\u20ac<\/td><\/tr><tr><td style=\"border: 1px solid;\">31<\/td><td style=\"border: 1px solid;\">T-shirt Rafale solo display taille XL<\/td><td style=\"border: 1px solid;\">19,00\u20ac<\/td><\/tr><tr><td style=\"border: 1px solid;\">32 \u00e0 35<\/td><td style=\"border: 1px solid;\">Livre Op\u00e9ration Poker &#8211; Tallandier<\/td><td style=\"border: 1px solid;\">18,50\u20ac<\/td><\/tr><tr><td style=\"border: 1px solid;\">36 \u00e0 38<\/td><td style=\"border: 1px solid;\">Livre L&rsquo;intelligence artificielle n&rsquo;existe pas &#8211; First Editions<\/td><td style=\"border: 1px solid;\">17,95\u20ac<\/td><\/tr><tr><td style=\"border: 1px solid;\">39<\/td><td style=\"border: 1px solid;\">Bande dessin\u00e9e Capitaine Guynemer &#8211; id\u00e9es plus<\/td><td style=\"border: 1px solid;\">15,00\u20ac<\/td><\/tr><tr><td style=\"border: 1px solid;\">40 \u00e0 41<\/td><td style=\"border: 1px solid;\">Tasse vintage Patrouille de France<\/td><td style=\"border: 1px solid;\">15,00\u20ac<\/td><\/tr><tr><td style=\"border: 1px solid;\">42<\/td><td style=\"border: 1px solid;\">Mug mousqueton Rafale solo display<\/td><td style=\"border: 1px solid;\">15,00\u20ac<\/td><\/tr><tr><td style=\"border: 1px solid;\">43 \u00e0 44<\/td><td style=\"border: 1px solid;\">Coin Patrouille de France<\/td><td style=\"border: 1px solid;\">15,00\u20ac<\/td><\/tr><tr><td style=\"border: 1px solid;\">45 \u00e0 50<\/td><td style=\"border: 1px solid;\">Patch gomme Rafale solo dysplay 24<\/td><td style=\"border: 1px solid;\">10,00\u20ac<\/td><\/tr><tr><td style=\"border: 1px solid;\">51 \u00e0 58<\/td><td style=\"border: 1px solid;\">Pins RSD 24<\/td><td style=\"border: 1px solid;\">4,00\u20ac<\/td><\/tr><tr><td style=\"border: 1px solid;\">59 \u00e0 500<\/td><td style=\"border: 1px solid;\">Livre Tours m\u00e9moires de l&rsquo;aviation<\/td><td style=\"border: 1px solid;\">8,00\u20ac<\/td><\/tr><\/tbody><\/table>\t\t\t\t\t\t\t\t<\/div>\n\t\t\t\t<div class=\"elementor-element elementor-element-4a167d3 elementor-widget elementor-widget-text-editor\" data-id=\"4a167d3\" data-element_type=\"widget\" data-widget_type=\"text-editor.default\">\n\t\t\t\t\t\t\t\t\t<p>Pour plus de d\u00e9tails, voir le r\u00e8glement de la tombola en cliquant sur <a href=\"http:\/\/www.meeting-ba705-sorigny.fr\/wp-content\/uploads\/2025\/08\/Reglement-tombola-Meeting-aerien-de-Sorigny.pdf\" target=\"_blank\" rel=\"noopener\">ce lien<\/a>.<\/p>\t\t\t\t\t\t\t\t<\/div>\n\t\t\t\t\t<\/div>\n\t\t\t\t<\/div>\n\t\t\t\t<\/div>\n\t\t","protected":false},"excerpt":{"rendered":"<p>Tombola d&rsquo;une valeur de plus de 8500 euros Vous aussi, faites partie de ceux qui ach\u00e8teront un des 5000 premiers billets adulte (tarif pr\u00e9vente ou tarif normal) : votre billet vous donne une chance de gagner l\u2019un des 500 lots de la tombola en faveur de l\u2019association du Mus\u00e9e de l\u2019\u00e9cole de d\u2019aviation de chasse&#8230;<\/p>\n","protected":false},"author":4,"featured_media":0,"parent":0,"menu_order":0,"comment_status":"closed","ping_status":"closed","template":"","meta":{"_kad_post_transparent":"","_kad_post_title":"hide","_kad_post_layout":"fullwidth","_kad_post_sidebar_id":"","_kad_post_content_style":"unboxed","_kad_post_vertical_padding":"hide","_kad_post_feature":"hide","_kad_post_feature_position":"","_kad_post_header":false,"_kad_post_footer":false,"footnotes":""},"class_list":["post-2002","page","type-page","status-publish","hentry"],"yoast_head":"<!-- This site is optimized with the Yoast SEO plugin v25.5 - https:\/\/yoast.com\/wordpress\/plugins\/seo\/ -->\n<title>Tombola - Meeting a\u00e9rien de Sorigny - BA 705<\/title>\n<meta name=\"description\" content=\"Venez d\u00e9couvrir le Meeting a\u00e9rien \u00e0 Sorigny pr\u00e8s de Tours, avec la base a\u00e9rienne 705 de Tours et Cinq-Mars-La-Pile.\" \/>\n<meta name=\"robots\" content=\"index, follow, max-snippet:-1, max-image-preview:large, max-video-preview:-1\" \/>\n<link rel=\"canonical\" href=\"https:\/\/www.meeting-ba705-sorigny.fr\/index.php\/tombola\/\" \/>\n<meta property=\"og:locale\" content=\"fr_FR\" \/>\n<meta property=\"og:type\" content=\"article\" \/>\n<meta property=\"og:title\" content=\"Tombola - Meeting a\u00e9rien de Sorigny - BA 705\" \/>\n<meta property=\"og:description\" content=\"Venez d\u00e9couvrir le Meeting a\u00e9rien \u00e0 Sorigny pr\u00e8s de Tours, avec la base a\u00e9rienne 705 de Tours et Cinq-Mars-La-Pile.\" \/>\n<meta property=\"og:url\" content=\"https:\/\/www.meeting-ba705-sorigny.fr\/index.php\/tombola\/\" \/>\n<meta property=\"og:site_name\" content=\"Meeting a\u00e9rien de Sorigny - BA 705\" \/>\n<meta property=\"article:publisher\" content=\"https:\/\/www.facebook.com\/armeedelair\/\" \/>\n<meta property=\"article:modified_time\" content=\"2025-09-26T13:20:09+00:00\" \/>\n<meta name=\"twitter:card\" content=\"summary_large_image\" \/>\n<meta name=\"twitter:site\" content=\"@Armee_de_lair\" \/>\n<meta name=\"twitter:label1\" content=\"Dur\u00e9e de lecture estim\u00e9e\" \/>\n\t<meta name=\"twitter:data1\" content=\"3 minutes\" \/>\n<script type=\"application\/ld+json\" class=\"yoast-schema-graph\">{\"@context\":\"https:\/\/schema.org\",\"@graph\":[{\"@type\":\"WebPage\",\"@id\":\"https:\/\/www.meeting-ba705-sorigny.fr\/index.php\/tombola\/\",\"url\":\"https:\/\/www.meeting-ba705-sorigny.fr\/index.php\/tombola\/\",\"name\":\"Tombola - Meeting a\u00e9rien de Sorigny - BA 705\",\"isPartOf\":{\"@id\":\"https:\/\/www.meeting-ba705-sorigny.fr\/#website\"},\"datePublished\":\"2025-08-19T19:44:24+00:00\",\"dateModified\":\"2025-09-26T13:20:09+00:00\",\"description\":\"Venez d\u00e9couvrir le Meeting a\u00e9rien \u00e0 Sorigny pr\u00e8s de Tours, avec la base a\u00e9rienne 705 de Tours et Cinq-Mars-La-Pile.\",\"breadcrumb\":{\"@id\":\"https:\/\/www.meeting-ba705-sorigny.fr\/index.php\/tombola\/#breadcrumb\"},\"inLanguage\":\"fr-FR\",\"potentialAction\":[{\"@type\":\"ReadAction\",\"target\":[\"https:\/\/www.meeting-ba705-sorigny.fr\/index.php\/tombola\/\"]}]},{\"@type\":\"BreadcrumbList\",\"@id\":\"https:\/\/www.meeting-ba705-sorigny.fr\/index.php\/tombola\/#breadcrumb\",\"itemListElement\":[{\"@type\":\"ListItem\",\"position\":1,\"name\":\"Accueil\",\"item\":\"https:\/\/www.meeting-ba705-sorigny.fr\/\"},{\"@type\":\"ListItem\",\"position\":2,\"name\":\"Tombola\"}]},{\"@type\":\"WebSite\",\"@id\":\"https:\/\/www.meeting-ba705-sorigny.fr\/#website\",\"url\":\"https:\/\/www.meeting-ba705-sorigny.fr\/\",\"name\":\"Meeting a\u00e9rien de Sorigny\",\"description\":\"\",\"publisher\":{\"@id\":\"https:\/\/www.meeting-ba705-sorigny.fr\/#organization\"},\"alternateName\":\"Meeting Tours\",\"potentialAction\":[{\"@type\":\"SearchAction\",\"target\":{\"@type\":\"EntryPoint\",\"urlTemplate\":\"https:\/\/www.meeting-ba705-sorigny.fr\/?s={search_term_string}\"},\"query-input\":{\"@type\":\"PropertyValueSpecification\",\"valueRequired\":true,\"valueName\":\"search_term_string\"}}],\"inLanguage\":\"fr-FR\"},{\"@type\":\"Organization\",\"@id\":\"https:\/\/www.meeting-ba705-sorigny.fr\/#organization\",\"name\":\"Arm\u00e9e de l'Air et de l'Espace\",\"alternateName\":\"AAE\",\"url\":\"https:\/\/www.meeting-ba705-sorigny.fr\/\",\"logo\":{\"@type\":\"ImageObject\",\"inLanguage\":\"fr-FR\",\"@id\":\"https:\/\/www.meeting-ba705-sorigny.fr\/#\/schema\/logo\/image\/\",\"url\":\"https:\/\/www.meeting-ba705-sorigny.fr\/wp-content\/uploads\/2025\/07\/cropped-Logo_AAE_2025-fc_cmjn_f_texte-1.png\",\"contentUrl\":\"https:\/\/www.meeting-ba705-sorigny.fr\/wp-content\/uploads\/2025\/07\/cropped-Logo_AAE_2025-fc_cmjn_f_texte-1.png\",\"width\":735,\"height\":520,\"caption\":\"Arm\u00e9e de l'Air et de l'Espace\"},\"image\":{\"@id\":\"https:\/\/www.meeting-ba705-sorigny.fr\/#\/schema\/logo\/image\/\"},\"sameAs\":[\"https:\/\/www.facebook.com\/armeedelair\/\",\"https:\/\/x.com\/Armee_de_lair\",\"https:\/\/www.instagram.com\/armeedelair\/\",\"https:\/\/www.youtube.com\/channel\/UC9tdrNLs9QpsFZI050UARkQ\",\"https:\/\/fr.linkedin.com\/company\/armee-de-lair-et-de-lespace\"]}]}<\/script>\n<!-- \/ Yoast SEO plugin. -->","yoast_head_json":{"title":"Tombola - Meeting a\u00e9rien de Sorigny - BA 705","description":"Venez d\u00e9couvrir le Meeting a\u00e9rien \u00e0 Sorigny pr\u00e8s de Tours, avec la base a\u00e9rienne 705 de Tours et Cinq-Mars-La-Pile.","robots":{"index":"index","follow":"follow","max-snippet":"max-snippet:-1","max-image-preview":"max-image-preview:large","max-video-preview":"max-video-preview:-1"},"canonical":"https:\/\/www.meeting-ba705-sorigny.fr\/index.php\/tombola\/","og_locale":"fr_FR","og_type":"article","og_title":"Tombola - Meeting a\u00e9rien de Sorigny - BA 705","og_description":"Venez d\u00e9couvrir le Meeting a\u00e9rien \u00e0 Sorigny pr\u00e8s de Tours, avec la base a\u00e9rienne 705 de Tours et Cinq-Mars-La-Pile.","og_url":"https:\/\/www.meeting-ba705-sorigny.fr\/index.php\/tombola\/","og_site_name":"Meeting a\u00e9rien de Sorigny - BA 705","article_publisher":"https:\/\/www.facebook.com\/armeedelair\/","article_modified_time":"2025-09-26T13:20:09+00:00","twitter_card":"summary_large_image","twitter_site":"@Armee_de_lair","twitter_misc":{"Dur\u00e9e de lecture estim\u00e9e":"3 minutes"},"schema":{"@context":"https:\/\/schema.org","@graph":[{"@type":"WebPage","@id":"https:\/\/www.meeting-ba705-sorigny.fr\/index.php\/tombola\/","url":"https:\/\/www.meeting-ba705-sorigny.fr\/index.php\/tombola\/","name":"Tombola - Meeting a\u00e9rien de Sorigny - BA 705","isPartOf":{"@id":"https:\/\/www.meeting-ba705-sorigny.fr\/#website"},"datePublished":"2025-08-19T19:44:24+00:00","dateModified":"2025-09-26T13:20:09+00:00","description":"Venez d\u00e9couvrir le Meeting a\u00e9rien \u00e0 Sorigny pr\u00e8s de Tours, avec la base a\u00e9rienne 705 de Tours et Cinq-Mars-La-Pile.","breadcrumb":{"@id":"https:\/\/www.meeting-ba705-sorigny.fr\/index.php\/tombola\/#breadcrumb"},"inLanguage":"fr-FR","potentialAction":[{"@type":"ReadAction","target":["https:\/\/www.meeting-ba705-sorigny.fr\/index.php\/tombola\/"]}]},{"@type":"BreadcrumbList","@id":"https:\/\/www.meeting-ba705-sorigny.fr\/index.php\/tombola\/#breadcrumb","itemListElement":[{"@type":"ListItem","position":1,"name":"Accueil","item":"https:\/\/www.meeting-ba705-sorigny.fr\/"},{"@type":"ListItem","position":2,"name":"Tombola"}]},{"@type":"WebSite","@id":"https:\/\/www.meeting-ba705-sorigny.fr\/#website","url":"https:\/\/www.meeting-ba705-sorigny.fr\/","name":"Meeting a\u00e9rien de Sorigny","description":"","publisher":{"@id":"https:\/\/www.meeting-ba705-sorigny.fr\/#organization"},"alternateName":"Meeting Tours","potentialAction":[{"@type":"SearchAction","target":{"@type":"EntryPoint","urlTemplate":"https:\/\/www.meeting-ba705-sorigny.fr\/?s={search_term_string}"},"query-input":{"@type":"PropertyValueSpecification","valueRequired":true,"valueName":"search_term_string"}}],"inLanguage":"fr-FR"},{"@type":"Organization","@id":"https:\/\/www.meeting-ba705-sorigny.fr\/#organization","name":"Arm\u00e9e de l'Air et de l'Espace","alternateName":"AAE","url":"https:\/\/www.meeting-ba705-sorigny.fr\/","logo":{"@type":"ImageObject","inLanguage":"fr-FR","@id":"https:\/\/www.meeting-ba705-sorigny.fr\/#\/schema\/logo\/image\/","url":"https:\/\/www.meeting-ba705-sorigny.fr\/wp-content\/uploads\/2025\/07\/cropped-Logo_AAE_2025-fc_cmjn_f_texte-1.png","contentUrl":"https:\/\/www.meeting-ba705-sorigny.fr\/wp-content\/uploads\/2025\/07\/cropped-Logo_AAE_2025-fc_cmjn_f_texte-1.png","width":735,"height":520,"caption":"Arm\u00e9e de l'Air et de l'Espace"},"image":{"@id":"https:\/\/www.meeting-ba705-sorigny.fr\/#\/schema\/logo\/image\/"},"sameAs":["https:\/\/www.facebook.com\/armeedelair\/","https:\/\/x.com\/Armee_de_lair","https:\/\/www.instagram.com\/armeedelair\/","https:\/\/www.youtube.com\/channel\/UC9tdrNLs9QpsFZI050UARkQ","https:\/\/fr.linkedin.com\/company\/armee-de-lair-et-de-lespace"]}]}},"_links":{"self":[{"href":"https:\/\/www.meeting-ba705-sorigny.fr\/index.php\/wp-json\/wp\/v2\/pages\/2002","targetHints":{"allow":["GET"]}}],"collection":[{"href":"https:\/\/www.meeting-ba705-sorigny.fr\/index.php\/wp-json\/wp\/v2\/pages"}],"about":[{"href":"https:\/\/www.meeting-ba705-sorigny.fr\/index.php\/wp-json\/wp\/v2\/types\/page"}],"author":[{"embeddable":true,"href":"https:\/\/www.meeting-ba705-sorigny.fr\/index.php\/wp-json\/wp\/v2\/users\/4"}],"replies":[{"embeddable":true,"href":"https:\/\/www.meeting-ba705-sorigny.fr\/index.php\/wp-json\/wp\/v2\/comments?post=2002"}],"version-history":[{"count":40,"href":"https:\/\/www.meeting-ba705-sorigny.fr\/index.php\/wp-json\/wp\/v2\/pages\/2002\/revisions"}],"predecessor-version":[{"id":2437,"href":"https:\/\/www.meeting-ba705-sorigny.fr\/index.php\/wp-json\/wp\/v2\/pages\/2002\/revisions\/2437"}],"wp:attachment":[{"href":"https:\/\/www.meeting-ba705-sorigny.fr\/index.php\/wp-json\/wp\/v2\/media?parent=2002"}],"curies":[{"name":"wp","href":"https:\/\/api.w.org\/{rel}","templated":true}]}}