{"id":1429,"date":"2025-07-25T13:52:57","date_gmt":"2025-07-25T12:52:57","guid":{"rendered":"https:\/\/www.meeting-ba705-sorigny.fr\/?page_id=1429"},"modified":"2025-09-05T08:18:10","modified_gmt":"2025-09-05T07:18:10","slug":"bientot-disponible","status":"publish","type":"page","link":"https:\/\/www.meeting-ba705-sorigny.fr\/index.php\/bientot-disponible\/","title":{"rendered":"Bient\u00f4t disponible"},"content":{"rendered":"\t\t<div data-elementor-type=\"wp-page\" data-elementor-id=\"1429\" class=\"elementor elementor-1429\" data-elementor-post-type=\"page\">\n\t\t\t\t<div class=\"elementor-element elementor-element-4716a85 e-flex e-con-boxed e-con e-parent\" data-id=\"4716a85\" data-element_type=\"container\">\n\t\t\t\t\t<div class=\"e-con-inner\">\n\t\t<div class=\"elementor-element elementor-element-eebf5bc e-con-full e-flex e-con e-child\" data-id=\"eebf5bc\" data-element_type=\"container\">\n\t\t\t\t<div class=\"elementor-element elementor-element-7095909 elementor-widget elementor-widget-image\" data-id=\"7095909\" data-element_type=\"widget\" data-widget_type=\"image.default\">\n\t\t\t\t\t\t\t\t\t\t\t\t\t\t\t<img fetchpriority=\"high\" decoding=\"async\" width=\"1024\" height=\"683\" src=\"https:\/\/www.meeting-ba705-sorigny.fr\/wp-content\/uploads\/2025\/07\/maintenance-1024x683.jpg\" class=\"attachment-large size-large wp-image-1439\" alt=\"Image d&#039;un placeur avec les bras crois\u00e9s devant un A400M symbolisant que la cible du lien est en maintenance\" srcset=\"https:\/\/www.meeting-ba705-sorigny.fr\/wp-content\/uploads\/2025\/07\/maintenance-1024x683.jpg 1024w, https:\/\/www.meeting-ba705-sorigny.fr\/wp-content\/uploads\/2025\/07\/maintenance-300x200.jpg 300w, https:\/\/www.meeting-ba705-sorigny.fr\/wp-content\/uploads\/2025\/07\/maintenance-768x512.jpg 768w, https:\/\/www.meeting-ba705-sorigny.fr\/wp-content\/uploads\/2025\/07\/maintenance-1536x1024.jpg 1536w, https:\/\/www.meeting-ba705-sorigny.fr\/wp-content\/uploads\/2025\/07\/maintenance.jpg 1920w\" sizes=\"(max-width: 1024px) 100vw, 1024px\" \/>\t\t\t\t\t\t\t\t\t\t\t\t\t\t\t<\/div>\n\t\t\t\t<\/div>\n\t\t<div class=\"elementor-element elementor-element-a05a9fa e-con-full e-flex e-con e-child\" data-id=\"a05a9fa\" data-element_type=\"container\">\n\t\t\t\t<div class=\"elementor-element elementor-element-8b6cbf9 elementor-widget elementor-widget-heading\" data-id=\"8b6cbf9\" data-element_type=\"widget\" data-widget_type=\"heading.default\">\n\t\t\t\t\t<h2 class=\"elementor-heading-title elementor-size-default\">Bient\u00f4t disponible ...<\/h2>\t\t\t\t<\/div>\n\t\t\t\t<div class=\"elementor-element elementor-element-171c4dc elementor-widget elementor-widget-text-editor\" data-id=\"171c4dc\" data-element_type=\"widget\" data-widget_type=\"text-editor.default\">\n\t\t\t\t\t\t\t\t\t<p>Ce contenu n&rsquo;est pas encore disponible, revenez bient\u00f4t !<\/p>\t\t\t\t\t\t\t\t<\/div>\n\t\t\t\t<\/div>\n\t\t\t\t\t<\/div>\n\t\t\t\t<\/div>\n\t\t\t\t<\/div>\n\t\t","protected":false},"excerpt":{"rendered":"<p>Bient\u00f4t disponible &#8230; Ce contenu n&rsquo;est pas encore disponible, revenez bient\u00f4t !<\/p>\n","protected":false},"author":2,"featured_media":0,"parent":0,"menu_order":0,"comment_status":"closed","ping_status":"closed","template":"","meta":{"_kad_post_transparent":"","_kad_post_title":"hide","_kad_post_layout":"fullwidth","_kad_post_sidebar_id":"","_kad_post_content_style":"unboxed","_kad_post_vertical_padding":"hide","_kad_post_feature":"hide","_kad_post_feature_position":"","_kad_post_header":false,"_kad_post_footer":false,"footnotes":""},"class_list":["post-1429","page","type-page","status-publish","hentry"],"yoast_head":"<!-- This site is optimized with the Yoast SEO plugin v25.5 - https:\/\/yoast.com\/wordpress\/plugins\/seo\/ -->\n<title>Bient\u00f4t disponible - Meeting a\u00e9rien de Sorigny - BA 705<\/title>\n<meta name=\"description\" content=\"Venez d\u00e9couvrir le Meeting a\u00e9rien \u00e0 Sorigny pr\u00e8s de Tours, avec la base a\u00e9rienne 705 de Tours et Cinq-Mars-La-Pile.\" \/>\n<meta name=\"robots\" content=\"noindex, nofollow\" \/>\n<meta property=\"og:locale\" content=\"fr_FR\" \/>\n<meta property=\"og:type\" content=\"article\" \/>\n<meta property=\"og:title\" content=\"Bient\u00f4t disponible - Meeting a\u00e9rien de Sorigny - BA 705\" \/>\n<meta property=\"og:description\" content=\"Venez d\u00e9couvrir le Meeting a\u00e9rien \u00e0 Sorigny pr\u00e8s de Tours, avec la base a\u00e9rienne 705 de Tours et Cinq-Mars-La-Pile.\" \/>\n<meta property=\"og:url\" content=\"https:\/\/www.meeting-ba705-sorigny.fr\/index.php\/bientot-disponible\/\" \/>\n<meta property=\"og:site_name\" content=\"Meeting a\u00e9rien de Sorigny - BA 705\" \/>\n<meta property=\"article:publisher\" content=\"https:\/\/www.facebook.com\/armeedelair\/\" \/>\n<meta property=\"article:modified_time\" content=\"2025-09-05T07:18:10+00:00\" \/>\n<meta property=\"og:image\" content=\"http:\/\/www.meeting-ba705-sorigny.fr\/wp-content\/uploads\/2025\/07\/maintenance-1024x683.jpg\" \/>\n<meta name=\"twitter:card\" content=\"summary_large_image\" \/>\n<meta name=\"twitter:site\" content=\"@Armee_de_lair\" \/>\n<meta name=\"twitter:label1\" content=\"Dur\u00e9e de lecture estim\u00e9e\" \/>\n\t<meta name=\"twitter:data1\" content=\"1 minute\" \/>\n<script type=\"application\/ld+json\" class=\"yoast-schema-graph\">{\"@context\":\"https:\/\/schema.org\",\"@graph\":[{\"@type\":\"WebPage\",\"@id\":\"https:\/\/www.meeting-ba705-sorigny.fr\/index.php\/bientot-disponible\/\",\"url\":\"https:\/\/www.meeting-ba705-sorigny.fr\/index.php\/bientot-disponible\/\",\"name\":\"Bient\u00f4t disponible - Meeting a\u00e9rien de Sorigny - BA 705\",\"isPartOf\":{\"@id\":\"https:\/\/www.meeting-ba705-sorigny.fr\/#website\"},\"primaryImageOfPage\":{\"@id\":\"https:\/\/www.meeting-ba705-sorigny.fr\/index.php\/bientot-disponible\/#primaryimage\"},\"image\":{\"@id\":\"https:\/\/www.meeting-ba705-sorigny.fr\/index.php\/bientot-disponible\/#primaryimage\"},\"thumbnailUrl\":\"http:\/\/www.meeting-ba705-sorigny.fr\/wp-content\/uploads\/2025\/07\/maintenance-1024x683.jpg\",\"datePublished\":\"2025-07-25T12:52:57+00:00\",\"dateModified\":\"2025-09-05T07:18:10+00:00\",\"description\":\"Venez d\u00e9couvrir le Meeting a\u00e9rien \u00e0 Sorigny pr\u00e8s de Tours, avec la base a\u00e9rienne 705 de Tours et Cinq-Mars-La-Pile.\",\"breadcrumb\":{\"@id\":\"https:\/\/www.meeting-ba705-sorigny.fr\/index.php\/bientot-disponible\/#breadcrumb\"},\"inLanguage\":\"fr-FR\",\"potentialAction\":[{\"@type\":\"ReadAction\",\"target\":[\"https:\/\/www.meeting-ba705-sorigny.fr\/index.php\/bientot-disponible\/\"]}]},{\"@type\":\"ImageObject\",\"inLanguage\":\"fr-FR\",\"@id\":\"https:\/\/www.meeting-ba705-sorigny.fr\/index.php\/bientot-disponible\/#primaryimage\",\"url\":\"https:\/\/www.meeting-ba705-sorigny.fr\/wp-content\/uploads\/2025\/07\/maintenance.jpg\",\"contentUrl\":\"https:\/\/www.meeting-ba705-sorigny.fr\/wp-content\/uploads\/2025\/07\/maintenance.jpg\",\"width\":1920,\"height\":1280,\"caption\":\"Image d'un placeur avec les bras crois\u00e9s devant un A400M symbolisant que la cible du lien est en maintenance\"},{\"@type\":\"BreadcrumbList\",\"@id\":\"https:\/\/www.meeting-ba705-sorigny.fr\/index.php\/bientot-disponible\/#breadcrumb\",\"itemListElement\":[{\"@type\":\"ListItem\",\"position\":1,\"name\":\"Accueil\",\"item\":\"https:\/\/www.meeting-ba705-sorigny.fr\/\"},{\"@type\":\"ListItem\",\"position\":2,\"name\":\"Bient\u00f4t disponible\"}]},{\"@type\":\"WebSite\",\"@id\":\"https:\/\/www.meeting-ba705-sorigny.fr\/#website\",\"url\":\"https:\/\/www.meeting-ba705-sorigny.fr\/\",\"name\":\"Meeting a\u00e9rien de Sorigny\",\"description\":\"\",\"publisher\":{\"@id\":\"https:\/\/www.meeting-ba705-sorigny.fr\/#organization\"},\"alternateName\":\"Meeting Tours\",\"potentialAction\":[{\"@type\":\"SearchAction\",\"target\":{\"@type\":\"EntryPoint\",\"urlTemplate\":\"https:\/\/www.meeting-ba705-sorigny.fr\/?s={search_term_string}\"},\"query-input\":{\"@type\":\"PropertyValueSpecification\",\"valueRequired\":true,\"valueName\":\"search_term_string\"}}],\"inLanguage\":\"fr-FR\"},{\"@type\":\"Organization\",\"@id\":\"https:\/\/www.meeting-ba705-sorigny.fr\/#organization\",\"name\":\"Arm\u00e9e de l'Air et de l'Espace\",\"alternateName\":\"AAE\",\"url\":\"https:\/\/www.meeting-ba705-sorigny.fr\/\",\"logo\":{\"@type\":\"ImageObject\",\"inLanguage\":\"fr-FR\",\"@id\":\"https:\/\/www.meeting-ba705-sorigny.fr\/#\/schema\/logo\/image\/\",\"url\":\"https:\/\/www.meeting-ba705-sorigny.fr\/wp-content\/uploads\/2025\/07\/cropped-Logo_AAE_2025-fc_cmjn_f_texte-1.png\",\"contentUrl\":\"https:\/\/www.meeting-ba705-sorigny.fr\/wp-content\/uploads\/2025\/07\/cropped-Logo_AAE_2025-fc_cmjn_f_texte-1.png\",\"width\":735,\"height\":520,\"caption\":\"Arm\u00e9e de l'Air et de l'Espace\"},\"image\":{\"@id\":\"https:\/\/www.meeting-ba705-sorigny.fr\/#\/schema\/logo\/image\/\"},\"sameAs\":[\"https:\/\/www.facebook.com\/armeedelair\/\",\"https:\/\/x.com\/Armee_de_lair\",\"https:\/\/www.instagram.com\/armeedelair\/\",\"https:\/\/www.youtube.com\/channel\/UC9tdrNLs9QpsFZI050UARkQ\",\"https:\/\/fr.linkedin.com\/company\/armee-de-lair-et-de-lespace\"]}]}<\/script>\n<!-- \/ Yoast SEO plugin. -->","yoast_head_json":{"title":"Bient\u00f4t disponible - Meeting a\u00e9rien de Sorigny - BA 705","description":"Venez d\u00e9couvrir le Meeting a\u00e9rien \u00e0 Sorigny pr\u00e8s de Tours, avec la base a\u00e9rienne 705 de Tours et Cinq-Mars-La-Pile.","robots":{"index":"noindex","follow":"nofollow"},"og_locale":"fr_FR","og_type":"article","og_title":"Bient\u00f4t disponible - Meeting a\u00e9rien de Sorigny - BA 705","og_description":"Venez d\u00e9couvrir le Meeting a\u00e9rien \u00e0 Sorigny pr\u00e8s de Tours, avec la base a\u00e9rienne 705 de Tours et Cinq-Mars-La-Pile.","og_url":"https:\/\/www.meeting-ba705-sorigny.fr\/index.php\/bientot-disponible\/","og_site_name":"Meeting a\u00e9rien de Sorigny - BA 705","article_publisher":"https:\/\/www.facebook.com\/armeedelair\/","article_modified_time":"2025-09-05T07:18:10+00:00","og_image":[{"url":"http:\/\/www.meeting-ba705-sorigny.fr\/wp-content\/uploads\/2025\/07\/maintenance-1024x683.jpg","type":"","width":"","height":""}],"twitter_card":"summary_large_image","twitter_site":"@Armee_de_lair","twitter_misc":{"Dur\u00e9e de lecture estim\u00e9e":"1 minute"},"schema":{"@context":"https:\/\/schema.org","@graph":[{"@type":"WebPage","@id":"https:\/\/www.meeting-ba705-sorigny.fr\/index.php\/bientot-disponible\/","url":"https:\/\/www.meeting-ba705-sorigny.fr\/index.php\/bientot-disponible\/","name":"Bient\u00f4t disponible - Meeting a\u00e9rien de Sorigny - BA 705","isPartOf":{"@id":"https:\/\/www.meeting-ba705-sorigny.fr\/#website"},"primaryImageOfPage":{"@id":"https:\/\/www.meeting-ba705-sorigny.fr\/index.php\/bientot-disponible\/#primaryimage"},"image":{"@id":"https:\/\/www.meeting-ba705-sorigny.fr\/index.php\/bientot-disponible\/#primaryimage"},"thumbnailUrl":"http:\/\/www.meeting-ba705-sorigny.fr\/wp-content\/uploads\/2025\/07\/maintenance-1024x683.jpg","datePublished":"2025-07-25T12:52:57+00:00","dateModified":"2025-09-05T07:18:10+00:00","description":"Venez d\u00e9couvrir le Meeting a\u00e9rien \u00e0 Sorigny pr\u00e8s de Tours, avec la base a\u00e9rienne 705 de Tours et Cinq-Mars-La-Pile.","breadcrumb":{"@id":"https:\/\/www.meeting-ba705-sorigny.fr\/index.php\/bientot-disponible\/#breadcrumb"},"inLanguage":"fr-FR","potentialAction":[{"@type":"ReadAction","target":["https:\/\/www.meeting-ba705-sorigny.fr\/index.php\/bientot-disponible\/"]}]},{"@type":"ImageObject","inLanguage":"fr-FR","@id":"https:\/\/www.meeting-ba705-sorigny.fr\/index.php\/bientot-disponible\/#primaryimage","url":"https:\/\/www.meeting-ba705-sorigny.fr\/wp-content\/uploads\/2025\/07\/maintenance.jpg","contentUrl":"https:\/\/www.meeting-ba705-sorigny.fr\/wp-content\/uploads\/2025\/07\/maintenance.jpg","width":1920,"height":1280,"caption":"Image d'un placeur avec les bras crois\u00e9s devant un A400M symbolisant que la cible du lien est en maintenance"},{"@type":"BreadcrumbList","@id":"https:\/\/www.meeting-ba705-sorigny.fr\/index.php\/bientot-disponible\/#breadcrumb","itemListElement":[{"@type":"ListItem","position":1,"name":"Accueil","item":"https:\/\/www.meeting-ba705-sorigny.fr\/"},{"@type":"ListItem","position":2,"name":"Bient\u00f4t disponible"}]},{"@type":"WebSite","@id":"https:\/\/www.meeting-ba705-sorigny.fr\/#website","url":"https:\/\/www.meeting-ba705-sorigny.fr\/","name":"Meeting a\u00e9rien de Sorigny","description":"","publisher":{"@id":"https:\/\/www.meeting-ba705-sorigny.fr\/#organization"},"alternateName":"Meeting Tours","potentialAction":[{"@type":"SearchAction","target":{"@type":"EntryPoint","urlTemplate":"https:\/\/www.meeting-ba705-sorigny.fr\/?s={search_term_string}"},"query-input":{"@type":"PropertyValueSpecification","valueRequired":true,"valueName":"search_term_string"}}],"inLanguage":"fr-FR"},{"@type":"Organization","@id":"https:\/\/www.meeting-ba705-sorigny.fr\/#organization","name":"Arm\u00e9e de l'Air et de l'Espace","alternateName":"AAE","url":"https:\/\/www.meeting-ba705-sorigny.fr\/","logo":{"@type":"ImageObject","inLanguage":"fr-FR","@id":"https:\/\/www.meeting-ba705-sorigny.fr\/#\/schema\/logo\/image\/","url":"https:\/\/www.meeting-ba705-sorigny.fr\/wp-content\/uploads\/2025\/07\/cropped-Logo_AAE_2025-fc_cmjn_f_texte-1.png","contentUrl":"https:\/\/www.meeting-ba705-sorigny.fr\/wp-content\/uploads\/2025\/07\/cropped-Logo_AAE_2025-fc_cmjn_f_texte-1.png","width":735,"height":520,"caption":"Arm\u00e9e de l'Air et de l'Espace"},"image":{"@id":"https:\/\/www.meeting-ba705-sorigny.fr\/#\/schema\/logo\/image\/"},"sameAs":["https:\/\/www.facebook.com\/armeedelair\/","https:\/\/x.com\/Armee_de_lair","https:\/\/www.instagram.com\/armeedelair\/","https:\/\/www.youtube.com\/channel\/UC9tdrNLs9QpsFZI050UARkQ","https:\/\/fr.linkedin.com\/company\/armee-de-lair-et-de-lespace"]}]}},"_links":{"self":[{"href":"https:\/\/www.meeting-ba705-sorigny.fr\/index.php\/wp-json\/wp\/v2\/pages\/1429","targetHints":{"allow":["GET"]}}],"collection":[{"href":"https:\/\/www.meeting-ba705-sorigny.fr\/index.php\/wp-json\/wp\/v2\/pages"}],"about":[{"href":"https:\/\/www.meeting-ba705-sorigny.fr\/index.php\/wp-json\/wp\/v2\/types\/page"}],"author":[{"embeddable":true,"href":"https:\/\/www.meeting-ba705-sorigny.fr\/index.php\/wp-json\/wp\/v2\/users\/2"}],"replies":[{"embeddable":true,"href":"https:\/\/www.meeting-ba705-sorigny.fr\/index.php\/wp-json\/wp\/v2\/comments?post=1429"}],"version-history":[{"count":7,"href":"https:\/\/www.meeting-ba705-sorigny.fr\/index.php\/wp-json\/wp\/v2\/pages\/1429\/revisions"}],"predecessor-version":[{"id":2318,"href":"https:\/\/www.meeting-ba705-sorigny.fr\/index.php\/wp-json\/wp\/v2\/pages\/1429\/revisions\/2318"}],"wp:attachment":[{"href":"https:\/\/www.meeting-ba705-sorigny.fr\/index.php\/wp-json\/wp\/v2\/media?parent=1429"}],"curies":[{"name":"wp","href":"https:\/\/api.w.org\/{rel}","templated":true}]}}