{"id":1365,"date":"2025-07-25T12:57:38","date_gmt":"2025-07-25T11:57:38","guid":{"rendered":"https:\/\/www.meeting-ba705-sorigny.fr\/?page_id=1365"},"modified":"2025-09-05T08:59:13","modified_gmt":"2025-09-05T07:59:13","slug":"la-fondation-des-oeuvres-sociales-de-lair","status":"publish","type":"page","link":"https:\/\/www.meeting-ba705-sorigny.fr\/index.php\/la-fondation-des-oeuvres-sociales-de-lair\/","title":{"rendered":"La Fondation des \u0152uvres Sociales de l&rsquo;Air"},"content":{"rendered":"\t\t<div data-elementor-type=\"wp-page\" data-elementor-id=\"1365\" class=\"elementor elementor-1365\" data-elementor-post-type=\"page\">\n\t\t\t\t<div class=\"elementor-element elementor-element-3b7e710 e-flex e-con-boxed e-con e-parent\" data-id=\"3b7e710\" data-element_type=\"container\">\n\t\t\t\t\t<div class=\"e-con-inner\">\n\t\t\t\t<div class=\"elementor-element elementor-element-3c0d431 elementor-widget elementor-widget-heading\" data-id=\"3c0d431\" data-element_type=\"widget\" data-widget_type=\"heading.default\">\n\t\t\t\t\t<h1 class=\"elementor-heading-title elementor-size-default\">La Fondation des \u0152uvres Sociales de l'Air<\/h1>\t\t\t\t<\/div>\n\t\t\t\t\t<\/div>\n\t\t\t\t<\/div>\n\t\t<div class=\"elementor-element elementor-element-1838d89 e-flex e-con-boxed e-con e-parent\" data-id=\"1838d89\" data-element_type=\"container\">\n\t\t\t\t\t<div class=\"e-con-inner\">\n\t\t\t\t<div class=\"elementor-element elementor-element-95e0fb5 elementor-widget elementor-widget-image\" data-id=\"95e0fb5\" data-element_type=\"widget\" data-widget_type=\"image.default\">\n\t\t\t\t\t\t\t\t\t\t\t\t\t\t\t<img fetchpriority=\"high\" decoding=\"async\" width=\"851\" height=\"293\" src=\"https:\/\/www.meeting-ba705-sorigny.fr\/wp-content\/uploads\/2025\/07\/Logo-FOSA-2024-sans-fond.png\" class=\"attachment-large size-large wp-image-1388\" alt=\"\" srcset=\"https:\/\/www.meeting-ba705-sorigny.fr\/wp-content\/uploads\/2025\/07\/Logo-FOSA-2024-sans-fond.png 851w, https:\/\/www.meeting-ba705-sorigny.fr\/wp-content\/uploads\/2025\/07\/Logo-FOSA-2024-sans-fond-300x103.png 300w, https:\/\/www.meeting-ba705-sorigny.fr\/wp-content\/uploads\/2025\/07\/Logo-FOSA-2024-sans-fond-768x264.png 768w\" sizes=\"(max-width: 851px) 100vw, 851px\" \/>\t\t\t\t\t\t\t\t\t\t\t\t\t\t\t<\/div>\n\t\t\t\t\t<\/div>\n\t\t\t\t<\/div>\n\t\t<div class=\"elementor-element elementor-element-365868e e-flex e-con-boxed e-con e-parent\" data-id=\"365868e\" data-element_type=\"container\">\n\t\t\t\t\t<div class=\"e-con-inner\">\n\t\t<div class=\"elementor-element elementor-element-4138944 e-con-full e-flex e-con e-child\" data-id=\"4138944\" data-element_type=\"container\">\n\t\t\t\t<div class=\"elementor-element elementor-element-9e2c3ce elementor-widget elementor-widget-heading\" data-id=\"9e2c3ce\" data-element_type=\"widget\" data-widget_type=\"heading.default\">\n\t\t\t\t\t<h2 class=\"elementor-heading-title elementor-size-default\">Entraide et Solidarit\u00e9 : La FOSA, un joyau de la communaut\u00e9 a\u00e9ronautique au service\nde tous<\/h2>\t\t\t\t<\/div>\n\t\t\t\t<div class=\"elementor-element elementor-element-358a538 elementor-widget elementor-widget-text-editor\" data-id=\"358a538\" data-element_type=\"widget\" data-widget_type=\"text-editor.default\">\n\t\t\t\t\t\t\t\t\t<p>La Fondation des \u0152uvres Sociales de l\u2019Air (FOSA) est un organisme \u00e0 but non lucratif fond\u00e9 en 1936, venant en aide au personnel de l\u2019Arm\u00e9e de l\u2019Air et de l\u2019Espace, de la Direction G\u00e9n\u00e9rale de l\u2019Aviation Civile (DGAC) et de M\u00e9t\u00e9o-France ainsi qu\u2019\u00e0 leurs familles en difficult\u00e9s \u00e0 la suite \u00ab d\u2019un accident de la vie \u00bb. Elle est reconnue d\u2019utilit\u00e9 publique par d\u00e9cret du 19 f\u00e9vrier 1937.<\/p><p>Cette Fondation d\u2019entraide et de solidarit\u00e9, ne demande aucun versement de cotisation ni d\u2019adh\u00e9sion pour b\u00e9n\u00e9ficier de son soutien.<\/p><p>Chaque ann\u00e9e, la FOSA vient en aide \u00e0 :<\/p><ul><li>Plus de 300 orphelins repr\u00e9sentant pr\u00e8s de 60% des actions sociales de la Fondation principalement dans le cadre de leur scolarit\u00e9 ;<\/li><li>Une centaine de familles \u00e0 la suite d\u2019un d\u00e9c\u00e8s, d\u2019un accident ou d\u2019une situation particuli\u00e8re comme le handicap ou une cessation de l\u2019activit\u00e9 cons\u00e9cutive \u00e0 une maladie ;<\/li><li>Environ 40 bless\u00e9s en op\u00e9rations.<\/li><\/ul>\t\t\t\t\t\t\t\t<\/div>\n\t\t\t\t<div class=\"elementor-element elementor-element-c955998 elementor-widget elementor-widget-image\" data-id=\"c955998\" data-element_type=\"widget\" data-widget_type=\"image.default\">\n\t\t\t\t\t\t\t\t\t\t\t\t\t\t\t<img decoding=\"async\" width=\"2000\" height=\"1500\" src=\"https:\/\/www.meeting-ba705-sorigny.fr\/wp-content\/uploads\/2025\/07\/IMG-20240928-WA0002-1.jpg\" class=\"attachment-full size-full wp-image-1393\" alt=\"Equipe de la FOSA et la Patrouille de France posant pour la photo de groupe\" srcset=\"https:\/\/www.meeting-ba705-sorigny.fr\/wp-content\/uploads\/2025\/07\/IMG-20240928-WA0002-1.jpg 2000w, https:\/\/www.meeting-ba705-sorigny.fr\/wp-content\/uploads\/2025\/07\/IMG-20240928-WA0002-1-300x225.jpg 300w, https:\/\/www.meeting-ba705-sorigny.fr\/wp-content\/uploads\/2025\/07\/IMG-20240928-WA0002-1-1024x768.jpg 1024w, https:\/\/www.meeting-ba705-sorigny.fr\/wp-content\/uploads\/2025\/07\/IMG-20240928-WA0002-1-768x576.jpg 768w, https:\/\/www.meeting-ba705-sorigny.fr\/wp-content\/uploads\/2025\/07\/IMG-20240928-WA0002-1-1536x1152.jpg 1536w\" sizes=\"(max-width: 2000px) 100vw, 2000px\" \/>\t\t\t\t\t\t\t\t\t\t\t\t\t\t\t<\/div>\n\t\t\t\t<\/div>\n\t\t<div class=\"elementor-element elementor-element-9643e08 e-con-full e-flex e-con e-child\" data-id=\"9643e08\" data-element_type=\"container\">\n\t\t<div class=\"elementor-element elementor-element-fe6f9a1 e-con-full e-flex e-con e-child\" data-id=\"fe6f9a1\" data-element_type=\"container\">\n\t\t\t\t<div class=\"elementor-element elementor-element-72bd394 elementor-widget elementor-widget-image\" data-id=\"72bd394\" data-element_type=\"widget\" data-widget_type=\"image.default\">\n\t\t\t\t\t\t\t\t\t\t\t\t\t\t\t<img decoding=\"async\" width=\"1024\" height=\"768\" src=\"https:\/\/www.meeting-ba705-sorigny.fr\/wp-content\/uploads\/2025\/07\/IMG-20240928-WA0000-1-1024x768.jpg\" class=\"attachment-large size-large wp-image-1392\" alt=\"Equipe de la FOSA posant pour la photo de groupe\" srcset=\"https:\/\/www.meeting-ba705-sorigny.fr\/wp-content\/uploads\/2025\/07\/IMG-20240928-WA0000-1-1024x768.jpg 1024w, https:\/\/www.meeting-ba705-sorigny.fr\/wp-content\/uploads\/2025\/07\/IMG-20240928-WA0000-1-300x225.jpg 300w, https:\/\/www.meeting-ba705-sorigny.fr\/wp-content\/uploads\/2025\/07\/IMG-20240928-WA0000-1-768x576.jpg 768w, https:\/\/www.meeting-ba705-sorigny.fr\/wp-content\/uploads\/2025\/07\/IMG-20240928-WA0000-1-1536x1152.jpg 1536w, https:\/\/www.meeting-ba705-sorigny.fr\/wp-content\/uploads\/2025\/07\/IMG-20240928-WA0000-1.jpg 2000w\" sizes=\"(max-width: 1024px) 100vw, 1024px\" \/>\t\t\t\t\t\t\t\t\t\t\t\t\t\t\t<\/div>\n\t\t\t\t<\/div>\n\t\t<div class=\"elementor-element elementor-element-2321d67 e-con-full e-flex e-con e-child\" data-id=\"2321d67\" data-element_type=\"container\">\n\t\t\t\t<div class=\"elementor-element elementor-element-37a76d3 elementor-widget elementor-widget-heading\" data-id=\"37a76d3\" data-element_type=\"widget\" data-widget_type=\"heading.default\">\n\t\t\t\t\t<h2 class=\"elementor-heading-title elementor-size-default\">Comment soutenir la FOSA ?<\/h2>\t\t\t\t<\/div>\n\t\t\t\t<div class=\"elementor-element elementor-element-fd42fc2 elementor-widget elementor-widget-text-editor\" data-id=\"fd42fc2\" data-element_type=\"widget\" data-widget_type=\"text-editor.default\">\n\t\t\t\t\t\t\t\t\t<p>La FOSA est une petite \u00e9quipe pour une grande cause r\u00e9pondant dans l\u2019urgence \u00e0 des situations critiques avec pour principes l\u2019\u00e9coute, la r\u00e9activit\u00e9, la souplesse et la fid\u00e9lit\u00e9.<\/p><p>Un don fait \u00e0 la Fondation des \u0152uvres Sociales de l\u2019Air permet une r\u00e9duction d\u2019imp\u00f4t de 66% des sommes vers\u00e9es.<\/p>\t\t\t\t\t\t\t\t<\/div>\n\t\t\t\t<div class=\"elementor-element elementor-element-2501fdb elementor-widget elementor-widget-heading\" data-id=\"2501fdb\" data-element_type=\"widget\" data-widget_type=\"heading.default\">\n\t\t\t\t\t<h2 class=\"elementor-heading-title elementor-size-default\">Exemple d\u2019actions men\u00e9es par la FOSA<\/h2>\t\t\t\t<\/div>\n\t\t\t\t<div class=\"elementor-element elementor-element-2858202 elementor-widget elementor-widget-text-editor\" data-id=\"2858202\" data-element_type=\"widget\" data-widget_type=\"text-editor.default\">\n\t\t\t\t\t\t\t\t\t<ul><li>Aide scolaire et bourses d\u2019\u00e9tudes au profit des orphelins ;<\/li><li>Soutien aux familles en difficult\u00e9 ;<\/li><li>Aide aux vacances pour les orphelins ou les enfants de familles en difficult\u00e9 scolaris\u00e9s \u00e0 l\u2019\u00e9cole des pupilles de l\u2019air ;<\/li><li>No\u00ebl des orphelins ;<\/li><li>Allocation d\u00e9c\u00e8s ;<\/li><li>Dons aux deux maisons d\u2019enfants et d\u2019adolescents \u00e0 caract\u00e8re social ;<\/li><li>Soutien aux bless\u00e9s en op\u00e9ration ;<\/li><li>Financement de stages de reconstruction.<\/li><\/ul>\t\t\t\t\t\t\t\t<\/div>\n\t\t\t\t<\/div>\n\t\t\t\t<\/div>\n\t\t\t\t\t<\/div>\n\t\t\t\t<\/div>\n\t\t<div class=\"elementor-element elementor-element-019d897 e-flex e-con-boxed e-con e-parent\" data-id=\"019d897\" data-element_type=\"container\">\n\t\t\t\t\t<div class=\"e-con-inner\">\n\t\t\t\t<div class=\"elementor-element elementor-element-e5f2db7 elementor-widget elementor-widget-text-editor\" data-id=\"e5f2db7\" data-element_type=\"widget\" data-widget_type=\"text-editor.default\">\n\t\t\t\t\t\t\t\t\t<p>Vous pouvez retrouver les actualit\u00e9s de la FOSA sur ses r\u00e9seaux <a href=\"https:\/\/www.linkedin.com\/in\/fondation-fosa-8b42a81b5\/\" target=\"_blank\" rel=\"noopener\">LinkedIn<\/a>, <a href=\"https:\/\/www.facebook.com\/fosasolidarite\/\" target=\"_blank\" rel=\"noopener\">Facebook<\/a>, <a href=\"https:\/\/www.instagram.com\/fondation_fosa\/\" target=\"_blank\" rel=\"noopener\">Instagram<\/a> ainsi que son <a href=\"https:\/\/www.fosa.fr\/\" target=\"_blank\" rel=\"noopener\">site internet<\/a>.<\/p>\t\t\t\t\t\t\t\t<\/div>\n\t\t\t\t\t<\/div>\n\t\t\t\t<\/div>\n\t\t<div class=\"elementor-element elementor-element-57d89b6 e-con-full e-flex e-con e-parent\" data-id=\"57d89b6\" data-element_type=\"container\" data-settings=\"{&quot;background_background&quot;:&quot;classic&quot;}\">\n\t\t\t\t<div class=\"elementor-element elementor-element-8fb03d6 elementor-widget elementor-widget-image\" data-id=\"8fb03d6\" data-element_type=\"widget\" data-widget_type=\"image.default\">\n\t\t\t\t\t\t\t\t\t\t\t\t\t\t\t\t<a href=\"https:\/\/www.fosa.fr\/\" target=\"_blank\">\n\t\t\t\t\t\t\t<img loading=\"lazy\" decoding=\"async\" width=\"350\" height=\"382\" src=\"https:\/\/www.meeting-ba705-sorigny.fr\/wp-content\/uploads\/2025\/07\/Qr-code-dons-FOSA-avec-logo.png\" class=\"attachment-full size-full wp-image-1397\" alt=\"\" srcset=\"https:\/\/www.meeting-ba705-sorigny.fr\/wp-content\/uploads\/2025\/07\/Qr-code-dons-FOSA-avec-logo.png 350w, https:\/\/www.meeting-ba705-sorigny.fr\/wp-content\/uploads\/2025\/07\/Qr-code-dons-FOSA-avec-logo-275x300.png 275w\" sizes=\"(max-width: 350px) 100vw, 350px\" \/>\t\t\t\t\t\t\t\t<\/a>\n\t\t\t\t\t\t\t\t\t\t\t\t\t\t\t<\/div>\n\t\t\t\t<div class=\"elementor-element elementor-element-a0647d4 elementor-widget elementor-widget-text-editor\" data-id=\"a0647d4\" data-element_type=\"widget\" data-widget_type=\"text-editor.default\">\n\t\t\t\t\t\t\t\t\t<p style=\"text-align: center;\"><span style=\"font-size: 18pt;\">La FOSA est l\u00e0 \u00ab\u00a0Pour vous et avec Vous !\u00a0\u00bb<\/span><\/p>\t\t\t\t\t\t\t\t<\/div>\n\t\t\t\t<\/div>\n\t\t<div class=\"elementor-element elementor-element-07f14de e-flex e-con-boxed e-con e-parent\" data-id=\"07f14de\" data-element_type=\"container\">\n\t\t\t\t\t<div class=\"e-con-inner\">\n\t\t\t\t<div class=\"elementor-element elementor-element-022d2e3 elementor-widget elementor-widget-text-editor\" data-id=\"022d2e3\" data-element_type=\"widget\" data-widget_type=\"text-editor.default\">\n\t\t\t\t\t\t\t\t\t<p><em>\u00a9 Photos FOSA<\/em><\/p>\t\t\t\t\t\t\t\t<\/div>\n\t\t\t\t\t<\/div>\n\t\t\t\t<\/div>\n\t\t\t\t<\/div>\n\t\t","protected":false},"excerpt":{"rendered":"<p>La Fondation des \u0152uvres Sociales de l&rsquo;Air Entraide et Solidarit\u00e9 : La FOSA, un joyau de la communaut\u00e9 a\u00e9ronautique au service de tous La Fondation des \u0152uvres Sociales de l\u2019Air (FOSA) est un organisme \u00e0 but non lucratif fond\u00e9 en 1936, venant en aide au personnel de l\u2019Arm\u00e9e de l\u2019Air et de l\u2019Espace, de la&#8230;<\/p>\n","protected":false},"author":2,"featured_media":0,"parent":0,"menu_order":0,"comment_status":"closed","ping_status":"closed","template":"","meta":{"_kad_post_transparent":"","_kad_post_title":"hide","_kad_post_layout":"fullwidth","_kad_post_sidebar_id":"","_kad_post_content_style":"unboxed","_kad_post_vertical_padding":"hide","_kad_post_feature":"hide","_kad_post_feature_position":"","_kad_post_header":false,"_kad_post_footer":false,"footnotes":""},"class_list":["post-1365","page","type-page","status-publish","hentry"],"yoast_head":"<!-- This site is optimized with the Yoast SEO plugin v25.5 - https:\/\/yoast.com\/wordpress\/plugins\/seo\/ -->\n<title>La Fondation des \u0152uvres Sociales de l&#039;Air - Meeting a\u00e9rien de Sorigny - BA 705<\/title>\n<meta name=\"description\" content=\"Venez d\u00e9couvrir le Meeting a\u00e9rien \u00e0 Sorigny pr\u00e8s de Tours, avec la base a\u00e9rienne 705 de Tours et Cinq-Mars-La-Pile.\" \/>\n<meta name=\"robots\" content=\"index, follow, max-snippet:-1, max-image-preview:large, max-video-preview:-1\" \/>\n<link rel=\"canonical\" href=\"https:\/\/www.meeting-ba705-sorigny.fr\/index.php\/la-fondation-des-oeuvres-sociales-de-lair\/\" \/>\n<meta property=\"og:locale\" content=\"fr_FR\" \/>\n<meta property=\"og:type\" content=\"article\" \/>\n<meta property=\"og:title\" content=\"La Fondation des \u0152uvres Sociales de l&#039;Air - Meeting a\u00e9rien de Sorigny - BA 705\" \/>\n<meta property=\"og:description\" content=\"Venez d\u00e9couvrir le Meeting a\u00e9rien \u00e0 Sorigny pr\u00e8s de Tours, avec la base a\u00e9rienne 705 de Tours et Cinq-Mars-La-Pile.\" \/>\n<meta property=\"og:url\" content=\"https:\/\/www.meeting-ba705-sorigny.fr\/index.php\/la-fondation-des-oeuvres-sociales-de-lair\/\" \/>\n<meta property=\"og:site_name\" content=\"Meeting a\u00e9rien de Sorigny - BA 705\" \/>\n<meta property=\"article:publisher\" content=\"https:\/\/www.facebook.com\/armeedelair\/\" \/>\n<meta property=\"article:modified_time\" content=\"2025-09-05T07:59:13+00:00\" \/>\n<meta property=\"og:image\" content=\"http:\/\/www.meeting-ba705-sorigny.fr\/wp-content\/uploads\/2025\/07\/Logo-FOSA-2024-sans-fond.png\" \/>\n<meta name=\"twitter:card\" content=\"summary_large_image\" \/>\n<meta name=\"twitter:site\" content=\"@Armee_de_lair\" \/>\n<meta name=\"twitter:label1\" content=\"Dur\u00e9e de lecture estim\u00e9e\" \/>\n\t<meta name=\"twitter:data1\" content=\"2 minutes\" \/>\n<script type=\"application\/ld+json\" class=\"yoast-schema-graph\">{\"@context\":\"https:\/\/schema.org\",\"@graph\":[{\"@type\":\"WebPage\",\"@id\":\"https:\/\/www.meeting-ba705-sorigny.fr\/index.php\/la-fondation-des-oeuvres-sociales-de-lair\/\",\"url\":\"https:\/\/www.meeting-ba705-sorigny.fr\/index.php\/la-fondation-des-oeuvres-sociales-de-lair\/\",\"name\":\"La Fondation des \u0152uvres Sociales de l'Air - Meeting a\u00e9rien de Sorigny - BA 705\",\"isPartOf\":{\"@id\":\"https:\/\/www.meeting-ba705-sorigny.fr\/#website\"},\"primaryImageOfPage\":{\"@id\":\"https:\/\/www.meeting-ba705-sorigny.fr\/index.php\/la-fondation-des-oeuvres-sociales-de-lair\/#primaryimage\"},\"image\":{\"@id\":\"https:\/\/www.meeting-ba705-sorigny.fr\/index.php\/la-fondation-des-oeuvres-sociales-de-lair\/#primaryimage\"},\"thumbnailUrl\":\"http:\/\/www.meeting-ba705-sorigny.fr\/wp-content\/uploads\/2025\/07\/Logo-FOSA-2024-sans-fond.png\",\"datePublished\":\"2025-07-25T11:57:38+00:00\",\"dateModified\":\"2025-09-05T07:59:13+00:00\",\"description\":\"Venez d\u00e9couvrir le Meeting a\u00e9rien \u00e0 Sorigny pr\u00e8s de Tours, avec la base a\u00e9rienne 705 de Tours et Cinq-Mars-La-Pile.\",\"breadcrumb\":{\"@id\":\"https:\/\/www.meeting-ba705-sorigny.fr\/index.php\/la-fondation-des-oeuvres-sociales-de-lair\/#breadcrumb\"},\"inLanguage\":\"fr-FR\",\"potentialAction\":[{\"@type\":\"ReadAction\",\"target\":[\"https:\/\/www.meeting-ba705-sorigny.fr\/index.php\/la-fondation-des-oeuvres-sociales-de-lair\/\"]}]},{\"@type\":\"ImageObject\",\"inLanguage\":\"fr-FR\",\"@id\":\"https:\/\/www.meeting-ba705-sorigny.fr\/index.php\/la-fondation-des-oeuvres-sociales-de-lair\/#primaryimage\",\"url\":\"https:\/\/www.meeting-ba705-sorigny.fr\/wp-content\/uploads\/2025\/07\/Logo-FOSA-2024-sans-fond.png\",\"contentUrl\":\"https:\/\/www.meeting-ba705-sorigny.fr\/wp-content\/uploads\/2025\/07\/Logo-FOSA-2024-sans-fond.png\",\"width\":851,\"height\":293},{\"@type\":\"BreadcrumbList\",\"@id\":\"https:\/\/www.meeting-ba705-sorigny.fr\/index.php\/la-fondation-des-oeuvres-sociales-de-lair\/#breadcrumb\",\"itemListElement\":[{\"@type\":\"ListItem\",\"position\":1,\"name\":\"Accueil\",\"item\":\"https:\/\/www.meeting-ba705-sorigny.fr\/\"},{\"@type\":\"ListItem\",\"position\":2,\"name\":\"La Fondation des \u0152uvres Sociales de l&rsquo;Air\"}]},{\"@type\":\"WebSite\",\"@id\":\"https:\/\/www.meeting-ba705-sorigny.fr\/#website\",\"url\":\"https:\/\/www.meeting-ba705-sorigny.fr\/\",\"name\":\"Meeting a\u00e9rien de Sorigny\",\"description\":\"\",\"publisher\":{\"@id\":\"https:\/\/www.meeting-ba705-sorigny.fr\/#organization\"},\"alternateName\":\"Meeting Tours\",\"potentialAction\":[{\"@type\":\"SearchAction\",\"target\":{\"@type\":\"EntryPoint\",\"urlTemplate\":\"https:\/\/www.meeting-ba705-sorigny.fr\/?s={search_term_string}\"},\"query-input\":{\"@type\":\"PropertyValueSpecification\",\"valueRequired\":true,\"valueName\":\"search_term_string\"}}],\"inLanguage\":\"fr-FR\"},{\"@type\":\"Organization\",\"@id\":\"https:\/\/www.meeting-ba705-sorigny.fr\/#organization\",\"name\":\"Arm\u00e9e de l'Air et de l'Espace\",\"alternateName\":\"AAE\",\"url\":\"https:\/\/www.meeting-ba705-sorigny.fr\/\",\"logo\":{\"@type\":\"ImageObject\",\"inLanguage\":\"fr-FR\",\"@id\":\"https:\/\/www.meeting-ba705-sorigny.fr\/#\/schema\/logo\/image\/\",\"url\":\"https:\/\/www.meeting-ba705-sorigny.fr\/wp-content\/uploads\/2025\/07\/cropped-Logo_AAE_2025-fc_cmjn_f_texte-1.png\",\"contentUrl\":\"https:\/\/www.meeting-ba705-sorigny.fr\/wp-content\/uploads\/2025\/07\/cropped-Logo_AAE_2025-fc_cmjn_f_texte-1.png\",\"width\":735,\"height\":520,\"caption\":\"Arm\u00e9e de l'Air et de l'Espace\"},\"image\":{\"@id\":\"https:\/\/www.meeting-ba705-sorigny.fr\/#\/schema\/logo\/image\/\"},\"sameAs\":[\"https:\/\/www.facebook.com\/armeedelair\/\",\"https:\/\/x.com\/Armee_de_lair\",\"https:\/\/www.instagram.com\/armeedelair\/\",\"https:\/\/www.youtube.com\/channel\/UC9tdrNLs9QpsFZI050UARkQ\",\"https:\/\/fr.linkedin.com\/company\/armee-de-lair-et-de-lespace\"]}]}<\/script>\n<!-- \/ Yoast SEO plugin. -->","yoast_head_json":{"title":"La Fondation des \u0152uvres Sociales de l'Air - Meeting a\u00e9rien de Sorigny - BA 705","description":"Venez d\u00e9couvrir le Meeting a\u00e9rien \u00e0 Sorigny pr\u00e8s de Tours, avec la base a\u00e9rienne 705 de Tours et Cinq-Mars-La-Pile.","robots":{"index":"index","follow":"follow","max-snippet":"max-snippet:-1","max-image-preview":"max-image-preview:large","max-video-preview":"max-video-preview:-1"},"canonical":"https:\/\/www.meeting-ba705-sorigny.fr\/index.php\/la-fondation-des-oeuvres-sociales-de-lair\/","og_locale":"fr_FR","og_type":"article","og_title":"La Fondation des \u0152uvres Sociales de l'Air - Meeting a\u00e9rien de Sorigny - BA 705","og_description":"Venez d\u00e9couvrir le Meeting a\u00e9rien \u00e0 Sorigny pr\u00e8s de Tours, avec la base a\u00e9rienne 705 de Tours et Cinq-Mars-La-Pile.","og_url":"https:\/\/www.meeting-ba705-sorigny.fr\/index.php\/la-fondation-des-oeuvres-sociales-de-lair\/","og_site_name":"Meeting a\u00e9rien de Sorigny - BA 705","article_publisher":"https:\/\/www.facebook.com\/armeedelair\/","article_modified_time":"2025-09-05T07:59:13+00:00","og_image":[{"url":"http:\/\/www.meeting-ba705-sorigny.fr\/wp-content\/uploads\/2025\/07\/Logo-FOSA-2024-sans-fond.png","type":"","width":"","height":""}],"twitter_card":"summary_large_image","twitter_site":"@Armee_de_lair","twitter_misc":{"Dur\u00e9e de lecture estim\u00e9e":"2 minutes"},"schema":{"@context":"https:\/\/schema.org","@graph":[{"@type":"WebPage","@id":"https:\/\/www.meeting-ba705-sorigny.fr\/index.php\/la-fondation-des-oeuvres-sociales-de-lair\/","url":"https:\/\/www.meeting-ba705-sorigny.fr\/index.php\/la-fondation-des-oeuvres-sociales-de-lair\/","name":"La Fondation des \u0152uvres Sociales de l'Air - Meeting a\u00e9rien de Sorigny - BA 705","isPartOf":{"@id":"https:\/\/www.meeting-ba705-sorigny.fr\/#website"},"primaryImageOfPage":{"@id":"https:\/\/www.meeting-ba705-sorigny.fr\/index.php\/la-fondation-des-oeuvres-sociales-de-lair\/#primaryimage"},"image":{"@id":"https:\/\/www.meeting-ba705-sorigny.fr\/index.php\/la-fondation-des-oeuvres-sociales-de-lair\/#primaryimage"},"thumbnailUrl":"http:\/\/www.meeting-ba705-sorigny.fr\/wp-content\/uploads\/2025\/07\/Logo-FOSA-2024-sans-fond.png","datePublished":"2025-07-25T11:57:38+00:00","dateModified":"2025-09-05T07:59:13+00:00","description":"Venez d\u00e9couvrir le Meeting a\u00e9rien \u00e0 Sorigny pr\u00e8s de Tours, avec la base a\u00e9rienne 705 de Tours et Cinq-Mars-La-Pile.","breadcrumb":{"@id":"https:\/\/www.meeting-ba705-sorigny.fr\/index.php\/la-fondation-des-oeuvres-sociales-de-lair\/#breadcrumb"},"inLanguage":"fr-FR","potentialAction":[{"@type":"ReadAction","target":["https:\/\/www.meeting-ba705-sorigny.fr\/index.php\/la-fondation-des-oeuvres-sociales-de-lair\/"]}]},{"@type":"ImageObject","inLanguage":"fr-FR","@id":"https:\/\/www.meeting-ba705-sorigny.fr\/index.php\/la-fondation-des-oeuvres-sociales-de-lair\/#primaryimage","url":"https:\/\/www.meeting-ba705-sorigny.fr\/wp-content\/uploads\/2025\/07\/Logo-FOSA-2024-sans-fond.png","contentUrl":"https:\/\/www.meeting-ba705-sorigny.fr\/wp-content\/uploads\/2025\/07\/Logo-FOSA-2024-sans-fond.png","width":851,"height":293},{"@type":"BreadcrumbList","@id":"https:\/\/www.meeting-ba705-sorigny.fr\/index.php\/la-fondation-des-oeuvres-sociales-de-lair\/#breadcrumb","itemListElement":[{"@type":"ListItem","position":1,"name":"Accueil","item":"https:\/\/www.meeting-ba705-sorigny.fr\/"},{"@type":"ListItem","position":2,"name":"La Fondation des \u0152uvres Sociales de l&rsquo;Air"}]},{"@type":"WebSite","@id":"https:\/\/www.meeting-ba705-sorigny.fr\/#website","url":"https:\/\/www.meeting-ba705-sorigny.fr\/","name":"Meeting a\u00e9rien de Sorigny","description":"","publisher":{"@id":"https:\/\/www.meeting-ba705-sorigny.fr\/#organization"},"alternateName":"Meeting Tours","potentialAction":[{"@type":"SearchAction","target":{"@type":"EntryPoint","urlTemplate":"https:\/\/www.meeting-ba705-sorigny.fr\/?s={search_term_string}"},"query-input":{"@type":"PropertyValueSpecification","valueRequired":true,"valueName":"search_term_string"}}],"inLanguage":"fr-FR"},{"@type":"Organization","@id":"https:\/\/www.meeting-ba705-sorigny.fr\/#organization","name":"Arm\u00e9e de l'Air et de l'Espace","alternateName":"AAE","url":"https:\/\/www.meeting-ba705-sorigny.fr\/","logo":{"@type":"ImageObject","inLanguage":"fr-FR","@id":"https:\/\/www.meeting-ba705-sorigny.fr\/#\/schema\/logo\/image\/","url":"https:\/\/www.meeting-ba705-sorigny.fr\/wp-content\/uploads\/2025\/07\/cropped-Logo_AAE_2025-fc_cmjn_f_texte-1.png","contentUrl":"https:\/\/www.meeting-ba705-sorigny.fr\/wp-content\/uploads\/2025\/07\/cropped-Logo_AAE_2025-fc_cmjn_f_texte-1.png","width":735,"height":520,"caption":"Arm\u00e9e de l'Air et de l'Espace"},"image":{"@id":"https:\/\/www.meeting-ba705-sorigny.fr\/#\/schema\/logo\/image\/"},"sameAs":["https:\/\/www.facebook.com\/armeedelair\/","https:\/\/x.com\/Armee_de_lair","https:\/\/www.instagram.com\/armeedelair\/","https:\/\/www.youtube.com\/channel\/UC9tdrNLs9QpsFZI050UARkQ","https:\/\/fr.linkedin.com\/company\/armee-de-lair-et-de-lespace"]}]}},"_links":{"self":[{"href":"https:\/\/www.meeting-ba705-sorigny.fr\/index.php\/wp-json\/wp\/v2\/pages\/1365","targetHints":{"allow":["GET"]}}],"collection":[{"href":"https:\/\/www.meeting-ba705-sorigny.fr\/index.php\/wp-json\/wp\/v2\/pages"}],"about":[{"href":"https:\/\/www.meeting-ba705-sorigny.fr\/index.php\/wp-json\/wp\/v2\/types\/page"}],"author":[{"embeddable":true,"href":"https:\/\/www.meeting-ba705-sorigny.fr\/index.php\/wp-json\/wp\/v2\/users\/2"}],"replies":[{"embeddable":true,"href":"https:\/\/www.meeting-ba705-sorigny.fr\/index.php\/wp-json\/wp\/v2\/comments?post=1365"}],"version-history":[{"count":34,"href":"https:\/\/www.meeting-ba705-sorigny.fr\/index.php\/wp-json\/wp\/v2\/pages\/1365\/revisions"}],"predecessor-version":[{"id":2356,"href":"https:\/\/www.meeting-ba705-sorigny.fr\/index.php\/wp-json\/wp\/v2\/pages\/1365\/revisions\/2356"}],"wp:attachment":[{"href":"https:\/\/www.meeting-ba705-sorigny.fr\/index.php\/wp-json\/wp\/v2\/media?parent=1365"}],"curies":[{"name":"wp","href":"https:\/\/api.w.org\/{rel}","templated":true}]}}